{"id":820,"date":"2017-09-23T21:56:00","date_gmt":"2017-09-23T19:56:00","guid":{"rendered":"http:\/\/www.archiwum.diecezjazg.pl\/?page_id=820"},"modified":"2017-09-23T21:56:00","modified_gmt":"2017-09-23T19:56:00","slug":"ryczen-rutzen-zespol-259-sygnatura-uscry","status":"publish","type":"page","link":"https:\/\/archiwum.diecezjazg.pl\/index.php\/zasoby-archiwalne\/ryczen-rutzen-zespol-259-sygnatura-uscry\/","title":{"rendered":"Rycze\u0144 R\u00fctzen, zesp\u00f3\u0142 259, sygnatura USCRy"},"content":{"rendered":"\n<table id=\"tablepress-1440\" class=\"tablepress tablepress-id-1440\">\n<thead>\n<tr class=\"row-1 odd\">\n\t<th class=\"column-1\">Sygn<\/th><th class=\"column-2\">Zesp\u00f3\u0142 nr 259<\/th><th class=\"column-3\">Tytu\u0142<\/th><th class=\"column-4\">Rok_ant<\/th><th class=\"column-5\">Rok_p<\/th><th class=\"column-6\">Rok_k<\/th><th class=\"column-7\">Rok_pos<\/th><th class=\"column-8\">Opis_fizyczny<\/th><th class=\"column-9\">ilo\u015b\u0107 stron<\/th><th class=\"column-10\">wymiar<\/th><th class=\"column-11\">j\u0119zyk<\/th><th class=\"column-12\">Sygnatury dawne<\/th><th class=\"column-13\">Uwagi<\/th>\n<\/tr>\n<\/thead>\n<tbody class=\"row-hover\">\n<tr class=\"row-2 even\">\n\t<td class=\"column-1\">USCRy 1<\/td><td class=\"column-2\">Urz\u0105d Stanu Cywilnego Rycze\u0144 (R\u00fctzen)<\/td><td class=\"column-3\">\u015aluby Trau Register<\/td><td class=\"column-4\"><\/td><td class=\"column-5\">1847<\/td><td class=\"column-6\">1847<\/td><td class=\"column-7\"><\/td><td class=\"column-8\">poszyt<\/td><td class=\"column-9\"><\/td><td class=\"column-10\">240x380<\/td><td class=\"column-11\">niem<\/td><td class=\"column-12\"><\/td><td class=\"column-13\"><\/td>\n<\/tr>\n<tr class=\"row-3 odd\">\n\t<td class=\"column-1\">USCRy 2<\/td><td class=\"column-2\">Urz\u0105d Stanu Cywilnego Rycze\u0144 (R\u00fctzen)<\/td><td class=\"column-3\">\u015aluby Trau Register<\/td><td class=\"column-4\"><\/td><td class=\"column-5\">1849<\/td><td class=\"column-6\">1849<\/td><td class=\"column-7\"><\/td><td class=\"column-8\">poszyt<\/td><td class=\"column-9\"><\/td><td class=\"column-10\">240x380<\/td><td class=\"column-11\">niem<\/td><td class=\"column-12\"><\/td><td class=\"column-13\"><\/td>\n<\/tr>\n<tr class=\"row-4 even\">\n\t<td class=\"column-1\">USCRy 3<\/td><td class=\"column-2\">Urz\u0105d Stanu Cywilnego Rycze\u0144 (R\u00fctzen)<\/td><td class=\"column-3\">Zgony Duplicat Todten Register<\/td><td class=\"column-4\"><\/td><td class=\"column-5\">1855<\/td><td class=\"column-6\">1855<\/td><td class=\"column-7\"><\/td><td class=\"column-8\">poszyt<\/td><td class=\"column-9\"><\/td><td class=\"column-10\">240x380<\/td><td class=\"column-11\">niem<\/td><td class=\"column-12\"><\/td><td class=\"column-13\"><\/td>\n<\/tr>\n<tr class=\"row-5 odd\">\n\t<td class=\"column-1\">USCRy 4<\/td><td class=\"column-2\">Urz\u0105d Stanu Cywilnego Rycze\u0144 (R\u00fctzen)<\/td><td class=\"column-3\">\u015aluby Chrzty Zgony<\/td><td class=\"column-4\"><\/td><td class=\"column-5\">1868<\/td><td class=\"column-6\">1868<\/td><td class=\"column-7\"><\/td><td class=\"column-8\">poszyt<\/td><td class=\"column-9\"><\/td><td class=\"column-10\">240x360<\/td><td class=\"column-11\">niem<\/td><td class=\"column-12\"><\/td><td class=\"column-13\"><\/td>\n<\/tr>\n<tr class=\"row-6 even\">\n\t<td class=\"column-1\">USCRy 5<\/td><td class=\"column-2\">Urz\u0105d Stanu Cywilnego Rycze\u0144 (R\u00fctzen)<\/td><td class=\"column-3\">Zgony Sterbe-Neben-Register<\/td><td class=\"column-4\"><\/td><td class=\"column-5\">1889<\/td><td class=\"column-6\">1889<\/td><td class=\"column-7\"><\/td><td class=\"column-8\">ksi\u0119ga<\/td><td class=\"column-9\"><\/td><td class=\"column-10\">240x380<\/td><td class=\"column-11\">niem<\/td><td class=\"column-12\"><\/td><td class=\"column-13\"><\/td>\n<\/tr>\n<tr class=\"row-7 odd\">\n\t<td class=\"column-1\">USCRy 6<\/td><td class=\"column-2\">Urz\u0105d Stanu Cywilnego Rycze\u0144 (R\u00fctzen)<\/td><td class=\"column-3\">Zgony Sterbe-Neben-Register<\/td><td class=\"column-4\"><\/td><td class=\"column-5\">1899<\/td><td class=\"column-6\">1899<\/td><td class=\"column-7\"><\/td><td class=\"column-8\">ksi\u0119ga<\/td><td class=\"column-9\"><\/td><td class=\"column-10\">240x380<\/td><td class=\"column-11\">niem<\/td><td class=\"column-12\"><\/td><td class=\"column-13\"><\/td>\n<\/tr>\n<tr class=\"row-8 even\">\n\t<td class=\"column-1\">USCRy 7<\/td><td class=\"column-2\">Urz\u0105d Stanu Cywilnego Rycze\u0144 (R\u00fctzen)<\/td><td class=\"column-3\">\u015aluby Trau Register<\/td><td class=\"column-4\"><\/td><td class=\"column-5\">1913<\/td><td class=\"column-6\">1913<\/td><td class=\"column-7\"><\/td><td class=\"column-8\">akta lu\u017ane<\/td><td class=\"column-9\"><\/td><td class=\"column-10\">250x390<\/td><td class=\"column-11\">niem<\/td><td class=\"column-12\"><\/td><td class=\"column-13\"><\/td>\n<\/tr>\n<tr class=\"row-9 odd\">\n\t<td class=\"column-1\">USCRy 8<\/td><td class=\"column-2\">Urz\u0105d Stanu Cywilnego Rycze\u0144 (R\u00fctzen)<\/td><td class=\"column-3\">Urodzenia Geburts-Register<\/td><td class=\"column-4\"><\/td><td class=\"column-5\">1918<\/td><td class=\"column-6\">1918<\/td><td class=\"column-7\"><\/td><td class=\"column-8\">poszyt<\/td><td class=\"column-9\"><\/td><td class=\"column-10\">260x410<\/td><td class=\"column-11\">niem<\/td><td class=\"column-12\"><\/td><td class=\"column-13\"><\/td>\n<\/tr>\n<tr class=\"row-10 even\">\n\t<td class=\"column-1\">USCRy 9<\/td><td class=\"column-2\">Urz\u0105d Stanu Cywilnego Rycze\u0144 (R\u00fctzen)<\/td><td class=\"column-3\">Zgony Sterbe-Neben-Register<\/td><td class=\"column-4\"><\/td><td class=\"column-5\">1919<\/td><td class=\"column-6\">1919<\/td><td class=\"column-7\"><\/td><td class=\"column-8\">poszyt<\/td><td class=\"column-9\"><\/td><td class=\"column-10\">250x400<\/td><td class=\"column-11\">niem<\/td><td class=\"column-12\"><\/td><td class=\"column-13\"><\/td>\n<\/tr>\n<tr class=\"row-11 odd\">\n\t<td class=\"column-1\">USCRy 10<\/td><td class=\"column-2\">Urz\u0105d Stanu Cywilnego Rycze\u0144 (R\u00fctzen)<\/td><td class=\"column-3\">\u015aluby Heirats-Register<\/td><td class=\"column-4\"><\/td><td class=\"column-5\">1920<\/td><td class=\"column-6\">1920<\/td><td class=\"column-7\"><\/td><td class=\"column-8\">poszyt<\/td><td class=\"column-9\"><\/td><td class=\"column-10\">240x390<\/td><td class=\"column-11\">niem<\/td><td class=\"column-12\"><\/td><td class=\"column-13\"><\/td>\n<\/tr>\n<tr class=\"row-12 even\">\n\t<td class=\"column-1\">USCRy 11<\/td><td class=\"column-2\">Urz\u0105d Stanu Cywilnego Rycze\u0144 (R\u00fctzen)<\/td><td class=\"column-3\">\u015aluby Heirats-Register<\/td><td class=\"column-4\"><\/td><td class=\"column-5\">1922<\/td><td class=\"column-6\">1922<\/td><td class=\"column-7\"><\/td><td class=\"column-8\">poszyt<\/td><td class=\"column-9\"><\/td><td class=\"column-10\">250x390<\/td><td class=\"column-11\">niem<\/td><td class=\"column-12\"><\/td><td class=\"column-13\"><\/td>\n<\/tr>\n<tr class=\"row-13 odd\">\n\t<td class=\"column-1\">USCRy 12<\/td><td class=\"column-2\">Urz\u0105d Stanu Cywilnego Rycze\u0144 (R\u00fctzen)<\/td><td class=\"column-3\">Urodzenia Geburts-Register<\/td><td class=\"column-4\"><\/td><td class=\"column-5\">1922<\/td><td class=\"column-6\">1922<\/td><td class=\"column-7\"><\/td><td class=\"column-8\">poszyt<\/td><td class=\"column-9\"><\/td><td class=\"column-10\">250x390<\/td><td class=\"column-11\">niem<\/td><td class=\"column-12\"><\/td><td class=\"column-13\"><\/td>\n<\/tr>\n<\/tbody>\n<\/table>\n<!-- #tablepress-1440 from cache -->\n","protected":false},"excerpt":{"rendered":"","protected":false},"author":1,"featured_media":0,"parent":46,"menu_order":0,"comment_status":"closed","ping_status":"closed","template":"","meta":{"ngg_post_thumbnail":0},"_links":{"self":[{"href":"https:\/\/archiwum.diecezjazg.pl\/index.php\/wp-json\/wp\/v2\/pages\/820"}],"collection":[{"href":"https:\/\/archiwum.diecezjazg.pl\/index.php\/wp-json\/wp\/v2\/pages"}],"about":[{"href":"https:\/\/archiwum.diecezjazg.pl\/index.php\/wp-json\/wp\/v2\/types\/page"}],"author":[{"embeddable":true,"href":"https:\/\/archiwum.diecezjazg.pl\/index.php\/wp-json\/wp\/v2\/users\/1"}],"replies":[{"embeddable":true,"href":"https:\/\/archiwum.diecezjazg.pl\/index.php\/wp-json\/wp\/v2\/comments?post=820"}],"version-history":[{"count":1,"href":"https:\/\/archiwum.diecezjazg.pl\/index.php\/wp-json\/wp\/v2\/pages\/820\/revisions"}],"predecessor-version":[{"id":821,"href":"https:\/\/archiwum.diecezjazg.pl\/index.php\/wp-json\/wp\/v2\/pages\/820\/revisions\/821"}],"up":[{"embeddable":true,"href":"https:\/\/archiwum.diecezjazg.pl\/index.php\/wp-json\/wp\/v2\/pages\/46"}],"wp:attachment":[{"href":"https:\/\/archiwum.diecezjazg.pl\/index.php\/wp-json\/wp\/v2\/media?parent=820"}],"curies":[{"name":"wp","href":"https:\/\/api.w.org\/{rel}","templated":true}]}}