{"id":816,"date":"2017-09-23T21:54:25","date_gmt":"2017-09-23T19:54:25","guid":{"rendered":"http:\/\/www.archiwum.diecezjazg.pl\/?page_id=816"},"modified":"2017-09-23T21:54:30","modified_gmt":"2017-09-23T19:54:30","slug":"radoslaw-seiffersdorf-zespol-258-sygnatura-uscr","status":"publish","type":"page","link":"https:\/\/archiwum.diecezjazg.pl\/index.php\/zasoby-archiwalne\/radoslaw-seiffersdorf-zespol-258-sygnatura-uscr\/","title":{"rendered":"Rados\u0142aw Seiffersdorf&#8217;, zesp\u00f3\u0142 258, sygnatura USCR"},"content":{"rendered":"\n<table id=\"tablepress-1439\" class=\"tablepress tablepress-id-1439\">\n<thead>\n<tr class=\"row-1 odd\">\n\t<th class=\"column-1\">Sygn<\/th><th class=\"column-2\">Zesp\u00f3\u0142 nr 258<\/th><th class=\"column-3\">Tytu\u0142<\/th><th class=\"column-4\">Rok_ant<\/th><th class=\"column-5\">Rok_p<\/th><th class=\"column-6\">Rok_k<\/th><th class=\"column-7\">Rok_pos<\/th><th class=\"column-8\">Opis_fizyczny<\/th><th class=\"column-9\">ilo\u015b\u0107 stron<\/th><th class=\"column-10\">wymiar<\/th><th class=\"column-11\">j\u0119zyk<\/th><th class=\"column-12\">Sygnatury dawne<\/th><th class=\"column-13\">Uwagi<\/th>\n<\/tr>\n<\/thead>\n<tbody class=\"row-hover\">\n<tr class=\"row-2 even\">\n\t<td class=\"column-1\">USCR 1<\/td><td class=\"column-2\">Urz\u0105d Stanu Cywilnego Rados\u0142aw (Seiffersdorf)<\/td><td class=\"column-3\">Zgony Sterbe-Neben-Register<\/td><td class=\"column-4\"><\/td><td class=\"column-5\">1932<\/td><td class=\"column-6\">1932<\/td><td class=\"column-7\"><\/td><td class=\"column-8\">poszyt<\/td><td class=\"column-9\"><\/td><td class=\"column-10\">210x300<\/td><td class=\"column-11\">niem<\/td><td class=\"column-12\"><\/td><td class=\"column-13\"><\/td>\n<\/tr>\n<\/tbody>\n<\/table>\n<!-- #tablepress-1439 from cache -->\n","protected":false},"excerpt":{"rendered":"","protected":false},"author":1,"featured_media":0,"parent":46,"menu_order":0,"comment_status":"closed","ping_status":"closed","template":"","meta":{"ngg_post_thumbnail":0},"_links":{"self":[{"href":"https:\/\/archiwum.diecezjazg.pl\/index.php\/wp-json\/wp\/v2\/pages\/816"}],"collection":[{"href":"https:\/\/archiwum.diecezjazg.pl\/index.php\/wp-json\/wp\/v2\/pages"}],"about":[{"href":"https:\/\/archiwum.diecezjazg.pl\/index.php\/wp-json\/wp\/v2\/types\/page"}],"author":[{"embeddable":true,"href":"https:\/\/archiwum.diecezjazg.pl\/index.php\/wp-json\/wp\/v2\/users\/1"}],"replies":[{"embeddable":true,"href":"https:\/\/archiwum.diecezjazg.pl\/index.php\/wp-json\/wp\/v2\/comments?post=816"}],"version-history":[{"count":1,"href":"https:\/\/archiwum.diecezjazg.pl\/index.php\/wp-json\/wp\/v2\/pages\/816\/revisions"}],"predecessor-version":[{"id":817,"href":"https:\/\/archiwum.diecezjazg.pl\/index.php\/wp-json\/wp\/v2\/pages\/816\/revisions\/817"}],"up":[{"embeddable":true,"href":"https:\/\/archiwum.diecezjazg.pl\/index.php\/wp-json\/wp\/v2\/pages\/46"}],"wp:attachment":[{"href":"https:\/\/archiwum.diecezjazg.pl\/index.php\/wp-json\/wp\/v2\/media?parent=816"}],"curies":[{"name":"wp","href":"https:\/\/api.w.org\/{rel}","templated":true}]}}

Radosław Seiffersdorf&#8217;, zespół 258, sygnatura USCR

<table id="tablepress-1439" class="tablepress tablepress-id-1439">
<thead>
<tr class="row-1 odd">
	<th class="column-1">Sygn</th><th class="column-2">Zespół nr 258</th><th class="column-3">Tytuł</th><th class="column-4">Rok_ant</th><th class="column-5">Rok_p</th><th class="column-6">Rok_k</th><th class="column-7">Rok_pos</th><th class="column-8">Opis_fizyczny</th><th class="column-9">ilość stron</th><th class="column-10">wymiar</th><th class="column-11">język</th><th class="column-12">Sygnatury dawne</th><th class="column-13">Uwagi</th>
</tr>
</thead>
<tbody class="row-hover">
<tr class="row-2 even">
	<td class="column-1">USCR 1</td><td class="column-2">Urząd Stanu Cywilnego Radosław (Seiffersdorf)</td><td class="column-3">Zgony Sterbe-Neben-Register</td><td class="column-4"></td><td class="column-5">1932</td><td class="column-6">1932</td><td class="column-7"></td><td class="column-8">poszyt</td><td class="column-9"></td><td class="column-10">210x300</td><td class="column-11">niem</td><td class="column-12"></td><td class="column-13"></td>
</tr>
</tbody>
</table>
<!-- #tablepress-1439 from cache -->
