{"id":555,"date":"2017-09-23T12:18:39","date_gmt":"2017-09-23T10:18:39","guid":{"rendered":"http:\/\/www.archiwum.diecezjazg.pl\/?page_id=555"},"modified":"2017-09-23T12:18:39","modified_gmt":"2017-09-23T10:18:39","slug":"kasety-vhs-zespol-53-sygnatura-kvhs","status":"publish","type":"page","link":"https:\/\/archiwum.diecezjazg.pl\/index.php\/zasoby-archiwalne\/kasety-vhs-zespol-53-sygnatura-kvhs\/","title":{"rendered":"Kasety VHS, zesp\u00f3\u0142 53, sygnatura KVHS"},"content":{"rendered":"\n<table id=\"tablepress-36\" class=\"tablepress tablepress-id-36\">\n<thead>\n<tr class=\"row-1 odd\">\n\t<th class=\"column-1\">S\u0142owo Klucz<\/th><th class=\"column-2\">Zesp\u00f3\u0142 53<\/th><th class=\"column-3\">Tre\u015b\u0107 fotografii tematu<\/th><th class=\"column-4\">Autor foto<\/th><th class=\"column-5\">Data wykonania<\/th><th class=\"column-6\">Miejsce wyk.<\/th><th class=\"column-7\">Rozmiar negatywu<\/th><th class=\"column-8\">Ilo\u015b\u0107 odbitek<\/th><th class=\"column-9\">Publikacje<\/th><th class=\"column-10\">Opis zewn.<\/th><th class=\"column-11\">opis c.d.<\/th><th class=\"column-12\">Sygnatura<\/th><th class=\"column-13\">Uwagi<\/th><th class=\"column-14\">Uwagi<\/th>\n<\/tr>\n<\/thead>\n<tbody class=\"row-hover\">\n<tr class=\"row-2 even\">\n\t<td class=\"column-1\">Klaryski w Kaliszu, Mi\u0119dyrzecz<\/td><td class=\"column-2\">Zbi\u00f3r VHS<\/td><td class=\"column-3\">\"Bli\u017cej Boga\" - Klasztor Klarysek \u015bw. M. Klary ul. Ksi\u0119\u017cnej Jolanty 30, Kalisz<\/td><td class=\"column-4\">RaviStudio Rafa\u0142 W\u0142odarczyk Mi\u0119dzyrzecz<\/td><td class=\"column-5\">2004<\/td><td class=\"column-6\">Mi\u0119dzyrzecz<\/td><td class=\"column-7\"><\/td><td class=\"column-8\"><\/td><td class=\"column-9\"><\/td><td class=\"column-10\"><\/td><td class=\"column-11\"><\/td><td class=\"column-12\">ZVHS1<\/td><td class=\"column-13\">Dodatkowo: Jubileusz 800 lecia urodzin \u015aw. Matki Klary w Klasztorze SS. Klarysek w Kaliszu (broszura), Kr\u00f3tki zarys Fundacji SS. Klarysek w Mi\u0119dzyrzeczu i Ankiety Si\u00f3str Klarysek Profesek z Mi\u0119dzyrzecza<\/td><td class=\"column-14\">Dodatkowo: Jubileusz 800 lecia urodzin \u015aw. Matki Klary w Klasztorze SS. Klarysek w Kaliszu (broszura), Kr\u00f3tki zarys Fundacji SS. Klarysek w Mi\u0119dzyrzeczu i Ankiety Si\u00f3str Klarysek Profesek z Mi\u0119dzyrzecza<\/td>\n<\/tr>\n<tr class=\"row-3 odd\">\n\t<td class=\"column-1\">Babimost<\/td><td class=\"column-2\">Zbi\u00f3r VHS<\/td><td class=\"column-3\">Relikwie Pi\u0119ciu Braci M\u0119czennik\u00f3w 09.03.2003 r.<\/td><td class=\"column-4\">Studio Filmowe DANIEL<\/td><td class=\"column-5\">2003<\/td><td class=\"column-6\">Babimost<\/td><td class=\"column-7\"><\/td><td class=\"column-8\"><\/td><td class=\"column-9\"><\/td><td class=\"column-10\"><\/td><td class=\"column-11\"><\/td><td class=\"column-12\">ZVHS2<\/td><td class=\"column-13\"><\/td><td class=\"column-14\"><\/td>\n<\/tr>\n<tr class=\"row-4 even\">\n\t<td class=\"column-1\">KIK<\/td><td class=\"column-2\">Zbi\u00f3r VHS<\/td><td class=\"column-3\">Spotkanie KIK\u00f3w Polski Po\u0142udniowo-Zachodniej<\/td><td class=\"column-4\"><\/td><td class=\"column-5\"><\/td><td class=\"column-6\"><\/td><td class=\"column-7\"><\/td><td class=\"column-8\"><\/td><td class=\"column-9\"><\/td><td class=\"column-10\"><\/td><td class=\"column-11\"><\/td><td class=\"column-12\">ZVHS3<\/td><td class=\"column-13\"><\/td><td class=\"column-14\"><\/td>\n<\/tr>\n<tr class=\"row-5 odd\">\n\t<td class=\"column-1\">Rokitno<\/td><td class=\"column-2\">Zbi\u00f3r VHS<\/td><td class=\"column-3\">Rokitno Sanktuarium Maryjne<\/td><td class=\"column-4\">Telewizyjne Studio Video \u015amia\u0142ek<\/td><td class=\"column-5\"><\/td><td class=\"column-6\">Rokitno<\/td><td class=\"column-7\"><\/td><td class=\"column-8\"><\/td><td class=\"column-9\"><\/td><td class=\"column-10\"><\/td><td class=\"column-11\"><\/td><td class=\"column-12\">ZVHS4<\/td><td class=\"column-13\"><\/td><td class=\"column-14\"><\/td>\n<\/tr>\n<tr class=\"row-6 even\">\n\t<td class=\"column-1\">Fatima<\/td><td class=\"column-2\">Zbi\u00f3r VHS<\/td><td class=\"column-3\">Nawiedzenia Matki Bo\u017cej Fatimskiej<\/td><td class=\"column-4\"><\/td><td class=\"column-5\"><\/td><td class=\"column-6\">Fatima<\/td><td class=\"column-7\"><\/td><td class=\"column-8\"><\/td><td class=\"column-9\"><\/td><td class=\"column-10\"><\/td><td class=\"column-11\"><\/td><td class=\"column-12\">ZVHS5<\/td><td class=\"column-13\"><\/td><td class=\"column-14\"><\/td>\n<\/tr>\n<tr class=\"row-7 odd\">\n\t<td class=\"column-1\">Gorz\u00f3w Wlkp.<\/td><td class=\"column-2\">Zbi\u00f3r VHS<\/td><td class=\"column-3\">Uroczysto\u015b\u0107 og\u0142oszenia Biskupa Wilhelma Pluty S\u0142ug\u0105 Bo\u017cym 21.01.2002<\/td><td class=\"column-4\"><\/td><td class=\"column-5\">2002<\/td><td class=\"column-6\">Gorz\u00f3w Wlkp.<\/td><td class=\"column-7\"><\/td><td class=\"column-8\"><\/td><td class=\"column-9\"><\/td><td class=\"column-10\"><\/td><td class=\"column-11\"><\/td><td class=\"column-12\">ZVHS6<\/td><td class=\"column-13\"><\/td><td class=\"column-14\"><\/td>\n<\/tr>\n<tr class=\"row-8 even\">\n\t<td class=\"column-1\">Gorz\u00f3w Wlkp.<\/td><td class=\"column-2\">Zbi\u00f3r VHS<\/td><td class=\"column-3\">Gorz\u00f3w Wielkopolski<\/td><td class=\"column-4\">Agencja Telewizyjna ALFA<\/td><td class=\"column-5\"><\/td><td class=\"column-6\">Gorz\u00f3w Wlkp.<\/td><td class=\"column-7\"><\/td><td class=\"column-8\"><\/td><td class=\"column-9\"><\/td><td class=\"column-10\"><\/td><td class=\"column-11\"><\/td><td class=\"column-12\">ZVHS7<\/td><td class=\"column-13\"><\/td><td class=\"column-14\"><\/td>\n<\/tr>\n<tr class=\"row-9 odd\">\n\t<td class=\"column-1\">Kwielice<\/td><td class=\"column-2\">Zbi\u00f3r VHS<\/td><td class=\"column-3\">700 lat Parafii w Kwielicach<\/td><td class=\"column-4\">W.W.W. Berlin<\/td><td class=\"column-5\">1997<\/td><td class=\"column-6\">Kwielice<\/td><td class=\"column-7\"><\/td><td class=\"column-8\"><\/td><td class=\"column-9\"><\/td><td class=\"column-10\"><\/td><td class=\"column-11\"><\/td><td class=\"column-12\">ZVHS8<\/td><td class=\"column-13\"><\/td><td class=\"column-14\"><\/td>\n<\/tr>\n<tr class=\"row-10 even\">\n\t<td class=\"column-1\">G\u0142og\u00f3w<\/td><td class=\"column-2\">Zbi\u00f3r VHS<\/td><td class=\"column-3\">Glogau. Die Stadt an der Oder<\/td><td class=\"column-4\">EXPERT FILMS<\/td><td class=\"column-5\"><\/td><td class=\"column-6\">G\u0142og\u00f3w<\/td><td class=\"column-7\"><\/td><td class=\"column-8\"><\/td><td class=\"column-9\"><\/td><td class=\"column-10\"><\/td><td class=\"column-11\"><\/td><td class=\"column-12\">ZVHS9<\/td><td class=\"column-13\"><\/td><td class=\"column-14\"><\/td>\n<\/tr>\n<tr class=\"row-11 odd\">\n\t<td class=\"column-1\">Babimost<\/td><td class=\"column-2\">Zbi\u00f3r VHS<\/td><td class=\"column-3\">Pami\u0105tka 40-lecia kap\u0142a\u0144stwa ks. proboszcza dr Edwarda Napiera\u0142y <\/td><td class=\"column-4\">Studio Filmowe DANIEL<\/td><td class=\"column-5\">13.10.1996<\/td><td class=\"column-6\">Babimost<\/td><td class=\"column-7\"><\/td><td class=\"column-8\"><\/td><td class=\"column-9\"><\/td><td class=\"column-10\"><\/td><td class=\"column-11\"><\/td><td class=\"column-12\">ZVHS10<\/td><td class=\"column-13\"><\/td><td class=\"column-14\"><\/td>\n<\/tr>\n<\/tbody>\n<\/table>\n<!-- #tablepress-36 from cache -->\n","protected":false},"excerpt":{"rendered":"","protected":false},"author":1,"featured_media":0,"parent":46,"menu_order":0,"comment_status":"closed","ping_status":"closed","template":"","meta":{"ngg_post_thumbnail":0},"_links":{"self":[{"href":"https:\/\/archiwum.diecezjazg.pl\/index.php\/wp-json\/wp\/v2\/pages\/555"}],"collection":[{"href":"https:\/\/archiwum.diecezjazg.pl\/index.php\/wp-json\/wp\/v2\/pages"}],"about":[{"href":"https:\/\/archiwum.diecezjazg.pl\/index.php\/wp-json\/wp\/v2\/types\/page"}],"author":[{"embeddable":true,"href":"https:\/\/archiwum.diecezjazg.pl\/index.php\/wp-json\/wp\/v2\/users\/1"}],"replies":[{"embeddable":true,"href":"https:\/\/archiwum.diecezjazg.pl\/index.php\/wp-json\/wp\/v2\/comments?post=555"}],"version-history":[{"count":1,"href":"https:\/\/archiwum.diecezjazg.pl\/index.php\/wp-json\/wp\/v2\/pages\/555\/revisions"}],"predecessor-version":[{"id":556,"href":"https:\/\/archiwum.diecezjazg.pl\/index.php\/wp-json\/wp\/v2\/pages\/555\/revisions\/556"}],"up":[{"embeddable":true,"href":"https:\/\/archiwum.diecezjazg.pl\/index.php\/wp-json\/wp\/v2\/pages\/46"}],"wp:attachment":[{"href":"https:\/\/archiwum.diecezjazg.pl\/index.php\/wp-json\/wp\/v2\/media?parent=555"}],"curies":[{"name":"wp","href":"https:\/\/api.w.org\/{rel}","templated":true}]}}