{"id":3343,"date":"2025-05-09T09:07:54","date_gmt":"2025-05-09T07:07:54","guid":{"rendered":"https:\/\/archiwum.diecezjazg.pl\/?page_id=3343"},"modified":"2025-06-16T08:22:57","modified_gmt":"2025-06-16T06:22:57","slug":"konkurs-kresowy-dla-uczniow-kresowe-korzenie-historia-kultura-pamiec","status":"publish","type":"page","link":"https:\/\/archiwum.diecezjazg.pl\/index.php\/konkurs-kresowy-dla-uczniow-kresowe-korzenie-historia-kultura-pamiec\/","title":{"rendered":"Konkurs kresowy dla uczni\u00f3w: \u201eKresowe Korzenie \u2013 historia, kultura, pami\u0119\u0107\u201d"},"content":{"rendered":"<p class=\"western\" style=\"text-align: left;\" align=\"center\"><span style=\"font-family: Times New Roman, serif; color: #000000;\"><span style=\"font-size: x-large;\"><b>LAUREACI I OSOBY WYR\u00d3\u017bNIONE W KONKURSIE SZKOLNYM \u201eKresowe Korzenie \u2013 historia, kultura, pami\u0119\u0107\u201d<\/b><\/span><\/span><\/p>\n<p class=\"western\"><span style=\"font-family: Times New Roman, serif; color: #000000;\"><span style=\"font-size: x-large;\">Dnia 13 czerwca 2025 r. Komisja ds. Oceny Konkursu Szkolnego \u201eKresowe Korzenie \u2013 historia, kultura, pami\u0119\u0107\u201d w sk\u0142adzie:<\/span><\/span><\/p>\n<p class=\"western\"><span style=\"font-family: Times New Roman, serif; color: #000000;\"><span style=\"font-size: x-large;\">ks. dr hab. Robert R. Kufel \u2013 przewodnicz\u0105cy<\/span><\/span><\/p>\n<p class=\"western\"><span style=\"font-family: Times New Roman, serif; color: #000000;\"><span style=\"font-size: x-large;\">Beata Mykiet\u00f3w<\/span><\/span><\/p>\n<p class=\"western\"><span style=\"font-family: Times New Roman, serif; color: #000000;\"><span style=\"font-size: x-large;\">Ewa Rawa<\/span><\/span><\/p>\n<p class=\"western\"><span style=\"font-family: Times New Roman, serif; color: #000000;\"><span style=\"font-size: x-large;\">oceni\u0142a i wybra\u0142a laureat\u00f3w konkursu szkolnego dla uczni\u00f3w szk\u00f3\u0142 podstawowych wojew\u00f3dztwa lubuskiego pt. \u201eKresowe Korzenie \u2013 historia, kultura, pami\u0119\u0107\u201d.<\/span><\/span><\/p>\n<p class=\"western\"><span style=\"font-family: Times New Roman, serif;\"><span style=\"font-size: x-large;\"><span style=\"color: #000000;\">W kategorii \u201eprezentacja multimedialna\u201d<\/span> <span style=\"color: #c9211e;\">pierwsze<\/span> <span style=\"color: #000000;\">miejsce zaj\u0105\u0142 <b>Kamil Dziadosz<\/b> ucze\u0144 klasy VII Szko\u0142y Podstawowej im. Polskich Olimpijczyk\u00f3w we Wschowie.<\/span><\/span><\/span><\/p>\n<p class=\"western\"><span style=\"font-family: Times New Roman, serif; color: #000000;\"><span style=\"font-size: x-large;\">W tej samej kategorii komisja wyr\u00f3\u017cni\u0142a prezentacj\u0119 autorstwa <b>Kacpra Magnuskiego<\/b> ucznia klasy VI Szko\u0142y Podstawowej w Ciecierzycach.<\/span><\/span><\/p>\n<p class=\"western\"><span style=\"font-family: Times New Roman, serif;\"><span style=\"font-size: x-large;\"><span style=\"color: #000000;\">W kategorii \u201epraca literacka\u201d<\/span> <span style=\"color: #c9211e;\">pierwsze<\/span> <span style=\"color: #000000;\">miejsce zaj\u0119\u0142a <b>Maja J\u0119drzychowska<\/b> uczennica klasy VII Szko\u0142y Podstawowej w Przec\u0142awiu.<\/span><\/span><\/span><\/p>\n<p class=\"western\"><span style=\"font-family: Times New Roman, serif; color: #000000;\"><span style=\"font-size: x-large;\">Drugie miejsce zaj\u0119\u0142a <b>Maja Gacka<\/b> uczennica klasy VIII Szko\u0142y Podstawowej w \u017barkach Wielkich.<\/span><\/span><\/p>\n<p class=\"western\"><span style=\"font-family: Times New Roman, serif;\"><span style=\"font-size: x-large;\"><span style=\"color: #c9211e;\">Trzecie<\/span> <span style=\"color: #000000;\">miejsce zaj\u0119\u0142a <b>Natalia Matla<\/b> uczennica klasy VII Szko\u0142y Podstawowej w Trzemesznie Lubuskim.<\/span><\/span><\/span><\/p>\n<p class=\"western\"><span style=\"font-family: Times New Roman, serif; color: #000000;\"><span style=\"font-size: x-large;\">W tej kategorii komisja wyr\u00f3\u017cni\u0142a nast\u0119puj\u0105ce prace autorstwa: <\/span><\/span><\/p>\n<p class=\"western\"><span style=\"font-family: Times New Roman, serif; color: #000000;\"><span style=\"font-size: x-large;\">1. <b>Kacpra Jeli\u0144skiego<\/b> i <b>Vanessy Walkowiak<\/b> uczni\u00f3w klasy VII Szko\u0142y Podstawowej im. Polskich Olimpijczyk\u00f3w we Wschowie.<\/span><\/span><\/p>\n<p class=\"western\"><span style=\"font-family: Times New Roman, serif; color: #000000;\"><span style=\"font-size: x-large;\">2. <b>Leny Tomaszak<\/b> uczennicy klasy VII Szko\u0142y Podstawowej w Przec\u0142awiu.<\/span><\/span><\/p>\n<p class=\"western\"><span style=\"font-family: Times New Roman, serif; color: #000000;\"><span style=\"font-size: x-large;\">3. <b>Darii Sacan<\/b> uczennicy klasy VIII Szko\u0142y Podstawowej w Przec\u0142awiu.<\/span><\/span><\/p>\n<p class=\"western\"><span style=\"font-family: Times New Roman, serif; color: #000000;\"><span style=\"font-size: x-large;\">Zwi\u0105zek Sybirak\u00f3w w Gorzowie Wlkp. wyr\u00f3\u017cni\u0142 prac\u0119 <b>Brajana Dziewiacina<\/b> ucznia klasy VII Szko\u0142y Podstawowej im. Polskich Olimpijczyk\u00f3w we Wschowie.<\/span><\/span><\/p>\n<p class=\"western\"><span style=\"font-family: Times New Roman, serif; color: #000000;\"><span style=\"font-size: x-large;\"><span style=\"color: #000000;\">Og\u0142oszenie wynik\u00f3w oraz wr\u0119czenie nagr\u00f3d laureato<\/span>m i osobom wyr\u00f3\u017cnionym odb\u0119dzie si\u0119 w Rokitnie dnia 21 czerwca (sobota) <b>przed Msz\u0105 odpustow\u0105 o godzinie 11.45<\/b>. <\/span><\/span><\/p>\n<p class=\"western\"><span style=\"font-family: Times New Roman, serif; color: #000000;\"><span style=\"font-size: x-large;\">Prosimy laureat\u00f3w oraz osoby wyr\u00f3\u017cnione o <u><b>obowi\u0105zkowe<\/b><\/u> potwierdzenie obecno\u015bci w Rokitnie do dnia <u><b>18 czerwca (\u015broda)<\/b><\/u>:<\/span><\/span><\/p>\n<p class=\"western\" align=\"left\"><span style=\"color: #000000;\"><span style=\"font-family: Times New Roman, serif;\"><span style=\"font-size: x-large;\"><span lang=\"de-DE\"><i>e-mail: <\/i><\/span><\/span><\/span><span lang=\"zxx\"><u><a style=\"color: #000000;\" href=\"mailto:archiwum@diecezjazg.pl\"><span style=\"font-family: Times New Roman, serif;\"><span style=\"font-size: x-large;\"><span lang=\"de-DE\"><i>archiwum@diecezjazg.pl<\/i><\/span><\/span><\/span><\/a><\/u><\/span> <span lang=\"zxx\"><span style=\"font-family: Times New Roman, serif;\"><span style=\"font-size: x-large;\"><span lang=\"de-DE\">lub telefonicznie 728 443 414.<\/span><\/span><\/span><\/span><\/span><\/p>\n<p class=\"western\" align=\"left\"><span style=\"color: #000000;\"><span lang=\"zxx\"><span style=\"font-family: Times New Roman, serif;\"><span style=\"font-size: x-large;\"><span lang=\"de-DE\">Serdecznie dzi\u0119kujemy wszystkim za wzi\u0119cie udzia\u0142u w konkursie. Gratulujemy laureatom i autorom wyr\u00f3\u017cnie\u0144 oraz ich opiekunom merytorycznym.<\/span><\/span><\/span><\/span><\/span><\/p>\n<hr>\n<h2>Regulamin konkursu kresowego dla uczni\u00f3w: \u201eKresowe Korzenie \u2013 historia, kultura, pami\u0119\u0107\u201d.<\/h2>\n<h2>Poni\u017cej w pliku doc:<\/h2>\n<h2><a href=\"https:\/\/archiwum.diecezjazg.pl\/index.php\/konkurs-kresowy-dla-uczniow-kresowe-korzenie-historia-kultura-pamiec\/konkurs-kresowy_regulamin_21\/\" target=\"_blank\" rel=\"attachment noopener wp-att-3353\">Konkurs kresowy_regulamin<\/a><\/h2>\n","protected":false},"excerpt":{"rendered":"<p>LAUREACI I OSOBY WYR\u00d3\u017bNIONE W KONKURSIE SZKOLNYM \u201eKresowe Korzenie \u2013 historia, kultura, pami\u0119\u0107\u201d Dnia 13 czerwca 2025 r. Komisja ds. Oceny Konkursu Szkolnego \u201eKresowe Korzenie \u2013 historia, kultura, pami\u0119\u0107\u201d w sk\u0142adzie: ks. dr hab. Robert R. Kufel \u2013 przewodnicz\u0105cy Beata Mykiet\u00f3w Ewa Rawa oceni\u0142a i wybra\u0142a laureat\u00f3w konkursu szkolnego dla uczni\u00f3w szk\u00f3\u0142 podstawowych wojew\u00f3dztwa lubuskiego&#8230;<\/p>\n<p class=\"more-link\"><a href=\"https:\/\/archiwum.diecezjazg.pl\/index.php\/konkurs-kresowy-dla-uczniow-kresowe-korzenie-historia-kultura-pamiec\/\"><span>Czytaj wi\u0119cej<\/span><i>&#43;<\/i><\/a><\/p>\n","protected":false},"author":1,"featured_media":0,"parent":0,"menu_order":0,"comment_status":"closed","ping_status":"closed","template":"","meta":{"ngg_post_thumbnail":0},"_links":{"self":[{"href":"https:\/\/archiwum.diecezjazg.pl\/index.php\/wp-json\/wp\/v2\/pages\/3343"}],"collection":[{"href":"https:\/\/archiwum.diecezjazg.pl\/index.php\/wp-json\/wp\/v2\/pages"}],"about":[{"href":"https:\/\/archiwum.diecezjazg.pl\/index.php\/wp-json\/wp\/v2\/types\/page"}],"author":[{"embeddable":true,"href":"https:\/\/archiwum.diecezjazg.pl\/index.php\/wp-json\/wp\/v2\/users\/1"}],"replies":[{"embeddable":true,"href":"https:\/\/archiwum.diecezjazg.pl\/index.php\/wp-json\/wp\/v2\/comments?post=3343"}],"version-history":[{"count":14,"href":"https:\/\/archiwum.diecezjazg.pl\/index.php\/wp-json\/wp\/v2\/pages\/3343\/revisions"}],"predecessor-version":[{"id":3362,"href":"https:\/\/archiwum.diecezjazg.pl\/index.php\/wp-json\/wp\/v2\/pages\/3343\/revisions\/3362"}],"wp:attachment":[{"href":"https:\/\/archiwum.diecezjazg.pl\/index.php\/wp-json\/wp\/v2\/media?parent=3343"}],"curies":[{"name":"wp","href":"https:\/\/api.w.org\/{rel}","templated":true}]}}