{"id":2139,"date":"2020-09-14T01:47:10","date_gmt":"2020-09-13T23:47:10","guid":{"rendered":"http:\/\/www.archiwum.diecezjazg.pl\/?page_id=2139"},"modified":"2020-09-14T01:53:11","modified_gmt":"2020-09-13T23:53:11","slug":"privacy-policy","status":"publish","type":"page","link":"https:\/\/archiwum.diecezjazg.pl\/index.php\/rocznik-adhibenda\/privacy-policy\/","title":{"rendered":"Privacy policy"},"content":{"rendered":"<p><a href=\"http:\/\/www.archiwum.diecezjazg.pl\/index.php\/rocznik-adhibenda\/\">J\u0119zyk polski<\/a><\/p>\n<p><a href=\"http:\/\/www.archiwum.diecezjazg.pl\/index.php\/rocznik-adhibenda\/annual-journal-adhibenda\/\">J\u0119zyk angielski<\/a><\/p>\n<h1 style=\"text-align: center;\">ADHIBENDA<\/h1>\n<h3 style=\"text-align: center;\">The Annual Journal of the Diocesan Archive in Zielona G\u00f3ra<\/h3>\n<p>&nbsp;<\/p>\n<table>\n<tbody>\n<tr>\n<td>\n<h3><a href=\"http:\/\/www.archiwum.diecezjazg.pl\/index.php\/rocznik-adhibenda\/current-issue\/\"><strong>Current issue<\/strong><\/a><\/h3>\n<\/td>\n<td>\n<h3><a href=\"http:\/\/www.archiwum.diecezjazg.pl\/index.php\/rocznik-adhibenda\/archives\/\"><strong>Archives<\/strong><\/a><\/h3>\n<\/td>\n<td>\n<h3><a href=\"http:\/\/www.archiwum.diecezjazg.pl\/index.php\/rocznik-adhibenda\/editors\/\"><strong>Editors<\/strong><\/a><\/h3>\n<\/td>\n<td>\n<h3><a href=\"http:\/\/www.archiwum.diecezjazg.pl\/index.php\/rocznik-adhibenda\/how-to-publish\/\"><strong>How to publish<\/strong><\/a><\/h3>\n<\/td>\n<td>\n<h3><a href=\"http:\/\/www.archiwum.diecezjazg.pl\/index.php\/rocznik-adhibenda\/contact\/\"><strong>Contact<\/strong><\/a><\/h3>\n<\/td>\n<\/tr>\n<\/tbody>\n<\/table>\n<p style=\"text-align: left;\"><span style=\"color: #000000;\"><strong><span style=\"font-size: medium;\"><span lang=\"en-US\">Privacy policy<\/span><\/span><\/strong><\/span><\/p>\n<p>&nbsp;<\/p>\n<p style=\"text-align: left;\"><span style=\"font-size: medium; color: #000000;\"><span lang=\"en\">Information clause regarding the collection of personal data of the authors and reviewers of the scholarly journal &#8222;Adhibenda&#8221;<\/span><\/span><\/p>\n<p style=\"text-align: left;\"><span style=\"color: #000000;\"><span style=\"font-size: medium;\"><span lang=\"en-US\">Pursuant to Art. 13(1) and Art. 13(2) of the Regulation (EU) 2016\/679 of the European Parliament and the Council, of 27 April 2016 &nbsp;on the protection of natural persons with regard to the processing of personal data and on the free movement of such data&nbsp;and on the repeal of&nbsp;Directive 95\/46\/EC, <\/span><\/span><span style=\"font-size: medium;\"><span lang=\"en\">we would like to inform you that:<\/span><\/span><\/span><\/p>\n<p>&nbsp;<\/p>\n<p style=\"text-align: left;\"><span style=\"font-size: medium; color: #000000;\"><span lang=\"en-US\">1. The administrator of authors\u2019 and reviewers\u2019 personal data is the diocesan Archive in Zielona G\u00f3ra, os. Kaszubskie 8, 65-548 Zielona G\u00f3ra, tel. 666 028 237, www.archiwum.diecezjazg.pl<\/span><\/span><\/p>\n<p style=\"text-align: left;\"><span style=\"font-size: medium; color: #000000;\"><span lang=\"en-US\">2. The administrator appointed the Diocesan Data Protection Inspector, who can be contacted regarding the protection of your personal data, tel. 797 977 232.<\/span><\/span><\/p>\n<p style=\"text-align: left;\"><span style=\"font-size: medium; color: #000000;\"><span lang=\"en-US\">3. Your personal data are processed for the purpose of the execution of &nbsp;the process of publishing scholarly articles, reviewing scholarly articles and making them available to others, as well as maintaining contact with authors and reviewers,<\/span><\/span><\/p>\n<p style=\"text-align: left;\"><span style=\"color: #000000;\"><span style=\"font-size: medium;\"><span lang=\"en-US\">4. <\/span><\/span><span style=\"font-size: medium;\"><span lang=\"en\">Your personal data, such as name and surname, telephone number and e-mail number are processed on the basis of Art. 6 (1) letter a (consent of the person).<\/span><\/span><\/span><\/p>\n<p style=\"text-align: left;\"><span style=\"font-size: medium; color: #000000;\"><span lang=\"en-US\">5. The recipients of your personal data are authorized employees of the diocesan Archive and other entities to which the Administrator entrusted personal data. <\/span><\/span><\/p>\n<p style=\"text-align: left;\"><span style=\"font-size: medium; color: #000000;\"><span lang=\"en-US\">6. <\/span><span lang=\"en-US\">Your personal data will not be disclosed to third countries or international organizations.<\/span><\/span><\/p>\n<p style=\"text-align: left;\"><span style=\"color: #000000;\"><span style=\"font-size: medium;\"><span lang=\"en-US\">7. <\/span><\/span><span style=\"font-size: medium;\"><span lang=\"en\">Your personal data will be processed on the basis of legal regulations, for the period necessary to achieve the purposes of processing data.<\/span><\/span><\/span><\/p>\n<p style=\"text-align: left;\"><span style=\"font-size: medium; color: #000000;\"><span lang=\"en-US\">8. You have the right to:<\/span><\/span><\/p>\n<p style=\"text-align: left;\"><span style=\"font-size: medium; color: #000000;\">a. access your data and their copies; <\/span><\/p>\n<p style=\"text-align: left;\"><span style=\"font-size: medium; color: #000000;\"><span lang=\"en-US\">b. rectify your personal data;<\/span><\/span><\/p>\n<p style=\"text-align: left;\"><span style=\"font-size: medium; color: #000000;\"><span lang=\"en-US\">c. limit the processing of personal data;<\/span><\/span><\/p>\n<p style=\"text-align: left;\"><span style=\"font-size: medium; color: #000000;\"><span lang=\"en-US\">d. erase personal data;<\/span><\/span><\/p>\n<p style=\"text-align: left;\"><span style=\"font-size: medium; color: #000000;\"><span lang=\"en-US\">e. lodge a complaint with the President of the Office for Personal Data Protection (address: ul. Stawki 2, 00 &#8211; 193 Warszawa).<\/span><\/span><\/p>\n<p style=\"text-align: left;\"><span style=\"color: #000000;\"><span style=\"font-size: medium;\"><span lang=\"en-US\">9. <\/span><\/span><span style=\"font-size: medium;\"><span lang=\"en\">If the processing is based on Art. 6 (1) letter a or Art. 9 (2) letter a of the GDPR (consent of the person), you have the right to withdraw your consent at any time without affecting the lawful nature of processing based on consent before its withdrawal. A declaration of withdrawal of the consent to the processing of personal data should be submitted in writing to the Administrator&#8217;s address or electronically<\/span><\/span><\/span><\/p>\n<p style=\"text-align: left;\"><span style=\"font-size: medium; color: #000000;\"><span lang=\"en-US\">797 977 232.<\/span><\/span><\/p>\n<p style=\"text-align: left;\"><span style=\"font-size: medium; color: #000000;\"><span lang=\"en-US\">10. Your data shall be processed in an automated form, including data profiling.<\/span><\/span><\/p>\n","protected":false},"excerpt":{"rendered":"<p>J\u0119zyk polski J\u0119zyk angielski ADHIBENDA The Annual Journal of the Diocesan Archive in Zielona G\u00f3ra &nbsp; Current issue Archives Editors How to publish Contact Privacy policy &nbsp; Information clause regarding the collection of personal data of the authors and reviewers of the scholarly journal &#8222;Adhibenda&#8221; Pursuant to Art. 13(1) and Art. 13(2) of the Regulation&#8230;<\/p>\n<p class=\"more-link\"><a href=\"https:\/\/archiwum.diecezjazg.pl\/index.php\/rocznik-adhibenda\/privacy-policy\/\"><span>Czytaj wi\u0119cej<\/span><i>&#43;<\/i><\/a><\/p>\n","protected":false},"author":1,"featured_media":0,"parent":49,"menu_order":0,"comment_status":"closed","ping_status":"closed","template":"","meta":{"ngg_post_thumbnail":0},"_links":{"self":[{"href":"https:\/\/archiwum.diecezjazg.pl\/index.php\/wp-json\/wp\/v2\/pages\/2139"}],"collection":[{"href":"https:\/\/archiwum.diecezjazg.pl\/index.php\/wp-json\/wp\/v2\/pages"}],"about":[{"href":"https:\/\/archiwum.diecezjazg.pl\/index.php\/wp-json\/wp\/v2\/types\/page"}],"author":[{"embeddable":true,"href":"https:\/\/archiwum.diecezjazg.pl\/index.php\/wp-json\/wp\/v2\/users\/1"}],"replies":[{"embeddable":true,"href":"https:\/\/archiwum.diecezjazg.pl\/index.php\/wp-json\/wp\/v2\/comments?post=2139"}],"version-history":[{"count":4,"href":"https:\/\/archiwum.diecezjazg.pl\/index.php\/wp-json\/wp\/v2\/pages\/2139\/revisions"}],"predecessor-version":[{"id":2151,"href":"https:\/\/archiwum.diecezjazg.pl\/index.php\/wp-json\/wp\/v2\/pages\/2139\/revisions\/2151"}],"up":[{"embeddable":true,"href":"https:\/\/archiwum.diecezjazg.pl\/index.php\/wp-json\/wp\/v2\/pages\/49"}],"wp:attachment":[{"href":"https:\/\/archiwum.diecezjazg.pl\/index.php\/wp-json\/wp\/v2\/media?parent=2139"}],"curies":[{"name":"wp","href":"https:\/\/api.w.org\/{rel}","templated":true}]}}