{"id":2136,"date":"2020-09-14T01:46:56","date_gmt":"2020-09-13T23:46:56","guid":{"rendered":"http:\/\/www.archiwum.diecezjazg.pl\/?page_id=2136"},"modified":"2021-09-22T11:28:29","modified_gmt":"2021-09-22T09:28:29","slug":"the-scientific-council","status":"publish","type":"page","link":"https:\/\/archiwum.diecezjazg.pl\/index.php\/rocznik-adhibenda\/the-scientific-council\/","title":{"rendered":"The scientific Council"},"content":{"rendered":"<p><a href=\"http:\/\/www.archiwum.diecezjazg.pl\/index.php\/rocznik-adhibenda\/\">J\u0119zyk polski<\/a><\/p>\n<p><a href=\"http:\/\/www.archiwum.diecezjazg.pl\/index.php\/rocznik-adhibenda\/annual-journal-adhibenda\/\">J\u0119zyk angielski<\/a><\/p>\n<h1 style=\"text-align: center;\">ADHIBENDA<\/h1>\n<h3 style=\"text-align: center;\">The Annual Journal of the Diocesan Archive in Zielona G\u00f3ra<\/h3>\n<p>&nbsp;<\/p>\n<table>\n<tbody>\n<tr>\n<td>\n<h3><a href=\"http:\/\/www.archiwum.diecezjazg.pl\/index.php\/rocznik-adhibenda\/current-issue\/\"><strong>Current issue<\/strong><\/a><\/h3>\n<\/td>\n<td>\n<h3><a href=\"http:\/\/www.archiwum.diecezjazg.pl\/index.php\/rocznik-adhibenda\/archives\/\"><strong>Archives<\/strong><\/a><\/h3>\n<\/td>\n<td>\n<h3><a href=\"http:\/\/www.archiwum.diecezjazg.pl\/index.php\/rocznik-adhibenda\/editors\/\"><strong>Editors<\/strong><\/a><\/h3>\n<\/td>\n<td>\n<h3><a href=\"http:\/\/www.archiwum.diecezjazg.pl\/index.php\/rocznik-adhibenda\/how-to-publish\/\"><strong>How to publish<\/strong><\/a><\/h3>\n<\/td>\n<td>\n<h3><a href=\"http:\/\/www.archiwum.diecezjazg.pl\/index.php\/rocznik-adhibenda\/contact\/\"><strong>Contact<\/strong><\/a><\/h3>\n<\/td>\n<\/tr>\n<\/tbody>\n<\/table>\n<h3>THE SCIENTIFIC COUNCIL<\/h3>\n<h4>dr hab. Maria D\u0119bowska (ABMK Lublin)<\/h4>\n<h4>dr Tadeusz Dzwonkowski (AP Zielona G\u00f3ra)<\/h4>\n<h4>ks. dr hab. Adam Kalbarczyk (WTUAM Pozna\u0144)<\/h4>\n<h4>dr hab. Joanna Karczewska (UZ Zielona G\u00f3ra)<\/h4>\n<h4>bp dr hab. Jan Kopiec (Gliwice)<\/h4>\n<h4>bp dr hab. Mariusz Leszczy\u0144ski (Zamo\u015b\u0107)<\/h4>\n<h4>o. prof. dr hab. Piotr Neumann OCD (WTUAM)<\/h4>\n<h4>dr hab. Jerzy Pietrzak prof. dr hab. Roland Prejs OFMCap (KUL Lublin)<\/h4>\n<h4>dr hab. Dariusz A. Rymar (AP Gorz\u00f3w Wlkp.)<\/h4>\n<h4>ks. dr hab. Grzegorz Wejman (WTU Szczecin)<\/h4>\n","protected":false},"excerpt":{"rendered":"<p>J\u0119zyk polski J\u0119zyk angielski ADHIBENDA The Annual Journal of the Diocesan Archive in Zielona G\u00f3ra &nbsp; Current issue Archives Editors How to publish Contact THE SCIENTIFIC COUNCIL dr hab. Maria D\u0119bowska (ABMK Lublin) dr Tadeusz Dzwonkowski (AP Zielona G\u00f3ra) ks. dr hab. Adam Kalbarczyk (WTUAM Pozna\u0144) dr hab. Joanna Karczewska (UZ Zielona G\u00f3ra) bp dr&#8230;<\/p>\n<p class=\"more-link\"><a href=\"https:\/\/archiwum.diecezjazg.pl\/index.php\/rocznik-adhibenda\/the-scientific-council\/\"><span>Czytaj wi\u0119cej<\/span><i>&#43;<\/i><\/a><\/p>\n","protected":false},"author":1,"featured_media":0,"parent":49,"menu_order":0,"comment_status":"closed","ping_status":"closed","template":"","meta":{"ngg_post_thumbnail":0},"_links":{"self":[{"href":"https:\/\/archiwum.diecezjazg.pl\/index.php\/wp-json\/wp\/v2\/pages\/2136"}],"collection":[{"href":"https:\/\/archiwum.diecezjazg.pl\/index.php\/wp-json\/wp\/v2\/pages"}],"about":[{"href":"https:\/\/archiwum.diecezjazg.pl\/index.php\/wp-json\/wp\/v2\/types\/page"}],"author":[{"embeddable":true,"href":"https:\/\/archiwum.diecezjazg.pl\/index.php\/wp-json\/wp\/v2\/users\/1"}],"replies":[{"embeddable":true,"href":"https:\/\/archiwum.diecezjazg.pl\/index.php\/wp-json\/wp\/v2\/comments?post=2136"}],"version-history":[{"count":4,"href":"https:\/\/archiwum.diecezjazg.pl\/index.php\/wp-json\/wp\/v2\/pages\/2136\/revisions"}],"predecessor-version":[{"id":2322,"href":"https:\/\/archiwum.diecezjazg.pl\/index.php\/wp-json\/wp\/v2\/pages\/2136\/revisions\/2322"}],"up":[{"embeddable":true,"href":"https:\/\/archiwum.diecezjazg.pl\/index.php\/wp-json\/wp\/v2\/pages\/49"}],"wp:attachment":[{"href":"https:\/\/archiwum.diecezjazg.pl\/index.php\/wp-json\/wp\/v2\/media?parent=2136"}],"curies":[{"name":"wp","href":"https:\/\/api.w.org\/{rel}","templated":true}]}}