{"id":2135,"date":"2020-09-14T01:46:49","date_gmt":"2020-09-13T23:46:49","guid":{"rendered":"http:\/\/www.archiwum.diecezjazg.pl\/?page_id=2135"},"modified":"2026-03-17T10:40:03","modified_gmt":"2026-03-17T09:40:03","slug":"editors-2","status":"publish","type":"page","link":"https:\/\/archiwum.diecezjazg.pl\/index.php\/rocznik-adhibenda\/editors-2\/","title":{"rendered":"Editors"},"content":{"rendered":"<p><a href=\"http:\/\/www.archiwum.diecezjazg.pl\/index.php\/rocznik-adhibenda\/\">J\u0119zyk polski<\/a><\/p>\n<p><a href=\"http:\/\/www.archiwum.diecezjazg.pl\/index.php\/rocznik-adhibenda\/annual-journal-adhibenda\/\">J\u0119zyk angielski<\/a><\/p>\n<h1 style=\"text-align: center;\">ADHIBENDA<\/h1>\n<h3 style=\"text-align: center;\">The Annual Journal of the Diocesan Archive in Zielona G\u00f3ra<\/h3>\n<p>&nbsp;<\/p>\n<table>\n<tbody>\n<tr>\n<td>\n<h3><a href=\"http:\/\/www.archiwum.diecezjazg.pl\/index.php\/rocznik-adhibenda\/current-issue\/\"><strong>Current issue<\/strong><\/a><\/h3>\n<\/td>\n<td>\n<h3><a href=\"http:\/\/www.archiwum.diecezjazg.pl\/index.php\/rocznik-adhibenda\/archives\/\"><strong>Archives<\/strong><\/a><\/h3>\n<\/td>\n<td>\n<h3><a href=\"http:\/\/www.archiwum.diecezjazg.pl\/index.php\/rocznik-adhibenda\/editors\/\"><strong>Editors<\/strong><\/a><\/h3>\n<\/td>\n<td>\n<h3><a href=\"http:\/\/www.archiwum.diecezjazg.pl\/index.php\/rocznik-adhibenda\/how-to-publish\/\"><strong>How to publish<\/strong><\/a><\/h3>\n<\/td>\n<td>\n<h3><a href=\"http:\/\/www.archiwum.diecezjazg.pl\/index.php\/rocznik-adhibenda\/contact\/\"><strong>Contact<\/strong><\/a><\/h3>\n<\/td>\n<\/tr>\n<\/tbody>\n<\/table>\n<h3><strong>EDITORIAL BOARD<\/strong><\/h3>\n<h3>ks. prof. dr hab. Robert R. Kufel (ADZG) \u2013 Editor-in-Chief<\/h3>\n<h3>Beata Mykiet\u00f3w (ADZG) \u2013 Deputy Editor<\/h3>\n<h3>prof. UZ dr hab. Leszek Jazownik (UZ)<\/h3>\n<h3>ks. prof. US dr hab. Jan Radkiewicz (US)<\/h3>\n<h3>dr Krzysztof Garbacz (NID)<\/h3>\n<h3>dr Juliusz Sikorski (AJP)<\/h3>\n<h3>ks. dr Adrian Put<\/h3>\n<h3>ks. dr Tomasz Tr\u0119bacz<\/h3>\n<h3>dr in\u017c. Marek Wr\u00f3blewski (UZ)<\/h3>\n","protected":false},"excerpt":{"rendered":"<p>J\u0119zyk polski J\u0119zyk angielski ADHIBENDA The Annual Journal of the Diocesan Archive in Zielona G\u00f3ra &nbsp; Current issue Archives Editors How to publish Contact EDITORIAL BOARD ks. prof. dr hab. Robert R. Kufel (ADZG) \u2013 Editor-in-Chief Beata Mykiet\u00f3w (ADZG) \u2013 Deputy Editor prof. UZ dr hab. Leszek Jazownik (UZ) ks. prof. US dr hab. Jan&#8230;<\/p>\n<p class=\"more-link\"><a href=\"https:\/\/archiwum.diecezjazg.pl\/index.php\/rocznik-adhibenda\/editors-2\/\"><span>Czytaj wi\u0119cej<\/span><i>&#43;<\/i><\/a><\/p>\n","protected":false},"author":1,"featured_media":0,"parent":49,"menu_order":0,"comment_status":"closed","ping_status":"closed","template":"","meta":{"ngg_post_thumbnail":0},"_links":{"self":[{"href":"https:\/\/archiwum.diecezjazg.pl\/index.php\/wp-json\/wp\/v2\/pages\/2135"}],"collection":[{"href":"https:\/\/archiwum.diecezjazg.pl\/index.php\/wp-json\/wp\/v2\/pages"}],"about":[{"href":"https:\/\/archiwum.diecezjazg.pl\/index.php\/wp-json\/wp\/v2\/types\/page"}],"author":[{"embeddable":true,"href":"https:\/\/archiwum.diecezjazg.pl\/index.php\/wp-json\/wp\/v2\/users\/1"}],"replies":[{"embeddable":true,"href":"https:\/\/archiwum.diecezjazg.pl\/index.php\/wp-json\/wp\/v2\/comments?post=2135"}],"version-history":[{"count":12,"href":"https:\/\/archiwum.diecezjazg.pl\/index.php\/wp-json\/wp\/v2\/pages\/2135\/revisions"}],"predecessor-version":[{"id":3543,"href":"https:\/\/archiwum.diecezjazg.pl\/index.php\/wp-json\/wp\/v2\/pages\/2135\/revisions\/3543"}],"up":[{"embeddable":true,"href":"https:\/\/archiwum.diecezjazg.pl\/index.php\/wp-json\/wp\/v2\/pages\/49"}],"wp:attachment":[{"href":"https:\/\/archiwum.diecezjazg.pl\/index.php\/wp-json\/wp\/v2\/media?parent=2135"}],"curies":[{"name":"wp","href":"https:\/\/api.w.org\/{rel}","templated":true}]}}

<p><a href="http://www.archiwum.diecezjazg.pl/index.php/rocznik-adhibenda/">Język polski</a></p>
<p><a href="http://www.archiwum.diecezjazg.pl/index.php/rocznik-adhibenda/annual-journal-adhibenda/">Język angielski</a></p>
<h1 style="text-align: center;">ADHIBENDA</h1>
<h3 style="text-align: center;">The Annual Journal of the Diocesan Archive in Zielona Góra</h3>
<p>&nbsp;</p>
<table>
<tbody>
<tr>
<td>
<h3><a href="http://www.archiwum.diecezjazg.pl/index.php/rocznik-adhibenda/current-issue/"><strong>Current issue</strong></a></h3>
</td>
<td>
<h3><a href="http://www.archiwum.diecezjazg.pl/index.php/rocznik-adhibenda/archives/"><strong>Archives</strong></a></h3>
</td>
<td>
<h3><a href="http://www.archiwum.diecezjazg.pl/index.php/rocznik-adhibenda/editors/"><strong>Editors</strong></a></h3>
</td>
<td>
<h3><a href="http://www.archiwum.diecezjazg.pl/index.php/rocznik-adhibenda/how-to-publish/"><strong>How to publish</strong></a></h3>
</td>
<td>
<h3><a href="http://www.archiwum.diecezjazg.pl/index.php/rocznik-adhibenda/contact/"><strong>Contact</strong></a></h3>
</td>
</tr>
</tbody>
</table>
<h3><strong>EDITORIAL BOARD</strong></h3>
<h3>ks. prof. dr hab. Robert R. Kufel (ADZG) – Editor-in-Chief</h3>
<h3>Beata Mykietów (ADZG) – Deputy Editor</h3>
<h3>prof. UZ dr hab. Leszek Jazownik (UZ)</h3>
<h3>ks. prof. US dr hab. Jan Radkiewicz (US)</h3>
<h3>dr Krzysztof Garbacz (NID)</h3>
<h3>dr Juliusz Sikorski (AJP)</h3>
<h3>ks. dr Adrian Put</h3>
<h3>ks. dr Tomasz Trębacz</h3>
<h3>dr inż. Marek Wróblewski (UZ)</h3>

<p>Język polski Język angielski ADHIBENDA The Annual Journal of the Diocesan Archive in Zielona Góra &nbsp; Current issue Archives Editors How to publish Contact EDITORIAL BOARD ks. prof. dr hab. Robert R. Kufel (ADZG) – Editor-in-Chief Beata Mykietów (ADZG) – Deputy Editor prof. UZ dr hab. Leszek Jazownik (UZ) ks. prof. US dr hab. Jan&#8230;</p>
<p class="more-link"><a href="https://archiwum.diecezjazg.pl/index.php/rocznik-adhibenda/editors-2/"><span>Czytaj więcej</span><i>&#43;</i></a></p>
