{"id":2099,"date":"2020-09-14T01:08:49","date_gmt":"2020-09-13T23:08:49","guid":{"rendered":"http:\/\/www.archiwum.diecezjazg.pl\/?page_id=2099"},"modified":"2026-03-17T10:39:46","modified_gmt":"2026-03-17T09:39:46","slug":"contact","status":"publish","type":"page","link":"https:\/\/archiwum.diecezjazg.pl\/index.php\/rocznik-adhibenda\/contact\/","title":{"rendered":"Contact"},"content":{"rendered":"<p><a href=\"http:\/\/archiwum.diecezjazg.pl\/index.php\/rocznik-adhibenda\/\">J\u0119zyk polski<\/a><\/p>\n<p><a href=\"http:\/\/archiwum.diecezjazg.pl\/index.php\/rocznik-adhibenda\/annual-journal-adhibenda\/\">J\u0119zyk angielski<\/a><\/p>\n<h1 style=\"text-align: center;\">ADHIBENDA<\/h1>\n<h3 style=\"text-align: center;\">The Annual Journal of the Diocesan Archive in Zielona G\u00f3ra<\/h3>\n<p>&nbsp;<\/p>\n<table>\n<tbody>\n<tr>\n<td>\n<h3><a href=\"http:\/\/archiwum.diecezjazg.pl\/index.php\/rocznik-adhibenda\/current-issue\/\"><strong>Current issue<\/strong><\/a><\/h3>\n<\/td>\n<td>\n<h3><a href=\"http:\/\/archiwum.diecezjazg.pl\/index.php\/rocznik-adhibenda\/archives\/\"><strong>Archives<\/strong><\/a><\/h3>\n<\/td>\n<td>\n<h3><a href=\"http:\/\/archiwum.diecezjazg.pl\/index.php\/rocznik-adhibenda\/editors\/\"><strong>Editors<\/strong><\/a><\/h3>\n<\/td>\n<td>\n<h3><a href=\"http:\/\/archiwum.diecezjazg.pl\/index.php\/rocznik-adhibenda\/how-to-publish\/\"><strong>How to publish<\/strong><\/a><\/h3>\n<\/td>\n<td>\n<h3><a href=\"http:\/\/archiwum.diecezjazg.pl\/index.php\/rocznik-adhibenda\/contact\/\"><strong>Contact<\/strong><\/a><\/h3>\n<\/td>\n<\/tr>\n<\/tbody>\n<\/table>\n<h3>The Diocesan Archive in Zielona G\u00f3ra<br \/>\nOsiedle Kaszubskie 8, 65-548 Zielona G\u00f3ra<\/h3>\n<h3><strong><em>Editor-in-Chief<\/em><\/strong>:<strong> ks. prof. dr hab. Robert Romuald Kufel<\/strong><br \/>\ne-mail: <span id=\"cloak66fb9e4284897514cf45492c91c357c1\"><a href=\"mailto:R.Kufel@kuria.zg.pl\">R.Kufel@diecezjazg.pl<\/a><\/span><\/h3>\n<h3>&nbsp;<\/h3>\n<h3><strong>Office:<\/strong><\/h3>\n<h3>e-mail: <a href=\"mailto:archiwum@diecezjazg.pl\">archiwum@diecezjazg.pl <\/a><\/h3>\n<h3>&nbsp;<\/h3>\n<h3>The archive is open from Monday to Friday, from 9:00 am to 2:00 pm<br \/>\nVisitors are welcomed from Monday to Friday from 9:30 to 13:30<br \/>\n(after prior arrangement with the <strong><em>Editor-in-Chief<\/em><\/strong>).<\/h3>\n<p>&nbsp;<\/p>\n<p>&nbsp;<\/p>\n<p><iframe loading=\"lazy\" style=\"border: 0;\" src=\"https:\/\/www.google.com\/maps\/embed?pb=!1m18!1m12!1m3!1d2459.8897294754033!2d15.55818831578577!3d51.9359648797078!2m3!1f0!2f0!3f0!3m2!1i1024!2i768!4f13.1!3m3!1m2!1s0x4706122320ec722d%3A0x2b17efd7af99b7f8!2sOsiedle+Kaszubskie+8%2C+Zielona+G%C3%B3ra!5e0!3m2!1spl!2spl!4v1504482411406\" width=\"600\" height=\"450\" frameborder=\"0\" allowfullscreen=\"allowfullscreen\"><\/iframe><\/p>\n<p>&nbsp;<\/p>\n","protected":false},"excerpt":{"rendered":"<p>J\u0119zyk polski J\u0119zyk angielski ADHIBENDA The Annual Journal of the Diocesan Archive in Zielona G\u00f3ra &nbsp; Current issue Archives Editors How to publish Contact The Diocesan Archive in Zielona G\u00f3ra Osiedle Kaszubskie 8, 65-548 Zielona G\u00f3ra Editor-in-Chief: ks. prof. dr hab. Robert Romuald Kufel e-mail: R.Kufel@diecezjazg.pl &nbsp; Office: e-mail: archiwum@diecezjazg.pl &nbsp; The archive is open&#8230;<\/p>\n<p class=\"more-link\"><a href=\"https:\/\/archiwum.diecezjazg.pl\/index.php\/rocznik-adhibenda\/contact\/\"><span>Czytaj wi\u0119cej<\/span><i>&#43;<\/i><\/a><\/p>\n","protected":false},"author":1,"featured_media":0,"parent":49,"menu_order":0,"comment_status":"closed","ping_status":"closed","template":"","meta":{"ngg_post_thumbnail":0},"_links":{"self":[{"href":"https:\/\/archiwum.diecezjazg.pl\/index.php\/wp-json\/wp\/v2\/pages\/2099"}],"collection":[{"href":"https:\/\/archiwum.diecezjazg.pl\/index.php\/wp-json\/wp\/v2\/pages"}],"about":[{"href":"https:\/\/archiwum.diecezjazg.pl\/index.php\/wp-json\/wp\/v2\/types\/page"}],"author":[{"embeddable":true,"href":"https:\/\/archiwum.diecezjazg.pl\/index.php\/wp-json\/wp\/v2\/users\/1"}],"replies":[{"embeddable":true,"href":"https:\/\/archiwum.diecezjazg.pl\/index.php\/wp-json\/wp\/v2\/comments?post=2099"}],"version-history":[{"count":7,"href":"https:\/\/archiwum.diecezjazg.pl\/index.php\/wp-json\/wp\/v2\/pages\/2099\/revisions"}],"predecessor-version":[{"id":3542,"href":"https:\/\/archiwum.diecezjazg.pl\/index.php\/wp-json\/wp\/v2\/pages\/2099\/revisions\/3542"}],"up":[{"embeddable":true,"href":"https:\/\/archiwum.diecezjazg.pl\/index.php\/wp-json\/wp\/v2\/pages\/49"}],"wp:attachment":[{"href":"https:\/\/archiwum.diecezjazg.pl\/index.php\/wp-json\/wp\/v2\/media?parent=2099"}],"curies":[{"name":"wp","href":"https:\/\/api.w.org\/{rel}","templated":true}]}}

<p><a href="http://archiwum.diecezjazg.pl/index.php/rocznik-adhibenda/">Język polski</a></p>
<p><a href="http://archiwum.diecezjazg.pl/index.php/rocznik-adhibenda/annual-journal-adhibenda/">Język angielski</a></p>
<h1 style="text-align: center;">ADHIBENDA</h1>
<h3 style="text-align: center;">The Annual Journal of the Diocesan Archive in Zielona Góra</h3>
<p>&nbsp;</p>
<table>
<tbody>
<tr>
<td>
<h3><a href="http://archiwum.diecezjazg.pl/index.php/rocznik-adhibenda/current-issue/"><strong>Current issue</strong></a></h3>
</td>
<td>
<h3><a href="http://archiwum.diecezjazg.pl/index.php/rocznik-adhibenda/archives/"><strong>Archives</strong></a></h3>
</td>
<td>
<h3><a href="http://archiwum.diecezjazg.pl/index.php/rocznik-adhibenda/editors/"><strong>Editors</strong></a></h3>
</td>
<td>
<h3><a href="http://archiwum.diecezjazg.pl/index.php/rocznik-adhibenda/how-to-publish/"><strong>How to publish</strong></a></h3>
</td>
<td>
<h3><a href="http://archiwum.diecezjazg.pl/index.php/rocznik-adhibenda/contact/"><strong>Contact</strong></a></h3>
</td>
</tr>
</tbody>
</table>
<h3>The Diocesan Archive in Zielona Góra<br />
Osiedle Kaszubskie 8, 65-548 Zielona Góra</h3>
<h3><strong><em>Editor-in-Chief</em></strong>:<strong> ks. prof. dr hab. Robert Romuald Kufel</strong><br />
e-mail: <span id="cloak66fb9e4284897514cf45492c91c357c1"><a href="mailto:R.Kufel@kuria.zg.pl">R.Kufel@diecezjazg.pl</a></span></h3>
<h3>&nbsp;</h3>
<h3><strong>Office:</strong></h3>
<h3>e-mail: <a href="mailto:archiwum@diecezjazg.pl">archiwum@diecezjazg.pl </a></h3>
<h3>&nbsp;</h3>
<h3>The archive is open from Monday to Friday, from 9:00 am to 2:00 pm<br />
Visitors are welcomed from Monday to Friday from 9:30 to 13:30<br />
(after prior arrangement with the <strong><em>Editor-in-Chief</em></strong>).</h3>
<p>&nbsp;</p>
<p>&nbsp;</p>
<p><iframe loading="lazy" style="border: 0;" src="https://www.google.com/maps/embed?pb=!1m18!1m12!1m3!1d2459.8897294754033!2d15.55818831578577!3d51.9359648797078!2m3!1f0!2f0!3f0!3m2!1i1024!2i768!4f13.1!3m3!1m2!1s0x4706122320ec722d%3A0x2b17efd7af99b7f8!2sOsiedle+Kaszubskie+8%2C+Zielona+G%C3%B3ra!5e0!3m2!1spl!2spl!4v1504482411406" width="600" height="450" frameborder="0" allowfullscreen="allowfullscreen"></iframe></p>
<p>&nbsp;</p>

<p>Język polski Język angielski ADHIBENDA The Annual Journal of the Diocesan Archive in Zielona Góra &nbsp; Current issue Archives Editors How to publish Contact The Diocesan Archive in Zielona Góra Osiedle Kaszubskie 8, 65-548 Zielona Góra Editor-in-Chief: ks. prof. dr hab. Robert Romuald Kufel e-mail: R.Kufel@diecezjazg.pl &nbsp; Office: e-mail: archiwum@diecezjazg.pl &nbsp; The archive is open&#8230;</p>
<p class="more-link"><a href="https://archiwum.diecezjazg.pl/index.php/rocznik-adhibenda/contact/"><span>Czytaj więcej</span><i>&#43;</i></a></p>
