{"id":1698,"date":"2017-09-26T18:30:14","date_gmt":"2017-09-26T16:30:14","guid":{"rendered":"http:\/\/www.archiwum.diecezjazg.pl\/?page_id=1698"},"modified":"2017-09-26T18:30:14","modified_gmt":"2017-09-26T16:30:14","slug":"akta-parafii-katolickiej-trzciel-tirschtiegel-zespol-203-sygnatura-ptr-kat","status":"publish","type":"page","link":"https:\/\/archiwum.diecezjazg.pl\/index.php\/zasoby-archiwalne\/akta-parafii-katolickiej-trzciel-tirschtiegel-zespol-203-sygnatura-ptr-kat\/","title":{"rendered":"Akta parafii katolickiej Trzciel Tirschtiegel, zesp\u00f3\u0142 203, sygnatura PTr-kat"},"content":{"rendered":"\n<table id=\"tablepress-2133\" class=\"tablepress tablepress-id-2133\">\n<thead>\n<tr class=\"row-1 odd\">\n\t<th class=\"column-1\">Sygn<\/th><th class=\"column-2\">Zesp\u00f3\u0142 203<\/th><th class=\"column-3\">Tytu\u0142<\/th><th class=\"column-4\">Rok_ant<\/th><th class=\"column-5\">Rok_p<\/th><th class=\"column-6\">Rok_k<\/th><th class=\"column-7\">Rok_pos<\/th><th class=\"column-8\">Opis_fizyczny<\/th><th class=\"column-9\">ilo\u015b\u0107 stron<\/th><th class=\"column-10\">wymiar<\/th><th class=\"column-11\">j\u0119zyk<\/th><th class=\"column-12\">Sygnatury dawne<\/th><th class=\"column-13\">Uwagi<\/th>\n<\/tr>\n<\/thead>\n<tbody class=\"row-hover\">\n<tr class=\"row-2 even\">\n\t<td class=\"column-1\">PTr-kat 1<\/td><td class=\"column-2\">Parafia rzymskokatolicka Trzciel (Tirschtiegel)<\/td><td class=\"column-3\">Liber infantum babtizatorum (1716-1732), matrimonii 1718-1730, mortui 1718-1719<\/td><td class=\"column-4\"><\/td><td class=\"column-5\">1716<\/td><td class=\"column-6\">1732<\/td><td class=\"column-7\"><\/td><td class=\"column-8\">ksi\u0119ga renowacja 1939<\/td><td class=\"column-9\">265<\/td><td class=\"column-10\">145x355<\/td><td class=\"column-11\">\u0142ac<\/td><td class=\"column-12\"><\/td><td class=\"column-13\">AP Trzciel<\/td>\n<\/tr>\n<tr class=\"row-3 odd\">\n\t<td class=\"column-1\">PTr-kat 2<\/td><td class=\"column-2\">Parafia rzymskokatolicka Trzciel (Tirschtiegel)<\/td><td class=\"column-3\">Tauf-Trau-und Sterberegister<\/td><td class=\"column-4\"><\/td><td class=\"column-5\">1761<\/td><td class=\"column-6\">1796<\/td><td class=\"column-7\"><\/td><td class=\"column-8\">ksi\u0119ga<\/td><td class=\"column-9\"><\/td><td class=\"column-10\">190x320<\/td><td class=\"column-11\">\u0142ac<\/td><td class=\"column-12\">brak chrzt\u00f3w 1767 (od X) 1769 karty wyrwane<\/td><td class=\"column-13\">AP Trzciel<\/td>\n<\/tr>\n<tr class=\"row-4 even\">\n\t<td class=\"column-1\">PTr-kat 3<\/td><td class=\"column-2\">Parafia rzymskokatolicka Trzciel (Tirschtiegel)<\/td><td class=\"column-3\">Taufregister<\/td><td class=\"column-4\"><\/td><td class=\"column-5\">1795<\/td><td class=\"column-6\">1835<\/td><td class=\"column-7\"><\/td><td class=\"column-8\">ksi\u0119ga<\/td><td class=\"column-9\">903<\/td><td class=\"column-10\">205x355<\/td><td class=\"column-11\">\u0142ac<\/td><td class=\"column-12\">brak stron 263-264 i 310-313<\/td><td class=\"column-13\">AP Trzciel<\/td>\n<\/tr>\n<tr class=\"row-5 odd\">\n\t<td class=\"column-1\">PTr-kat 4<\/td><td class=\"column-2\">Parafia rzymskokatolicka Trzciel (Tirschtiegel)<\/td><td class=\"column-3\">[Taufregister]<\/td><td class=\"column-4\"><\/td><td class=\"column-5\">1835<\/td><td class=\"column-6\">1883<\/td><td class=\"column-7\"><\/td><td class=\"column-8\">ksi\u0119ga<\/td><td class=\"column-9\">437<\/td><td class=\"column-10\">210x340<\/td><td class=\"column-11\">\u0142ac<\/td><td class=\"column-12\"><\/td><td class=\"column-13\">AP Trzciel<\/td>\n<\/tr>\n<tr class=\"row-6 even\">\n\t<td class=\"column-1\">PTr-kat 5<\/td><td class=\"column-2\">Parafia rzymskokatolicka Trzciel (Tirschtiegel)<\/td><td class=\"column-3\">Baptizatorum Liber<\/td><td class=\"column-4\"><\/td><td class=\"column-5\">1884<\/td><td class=\"column-6\">1947<\/td><td class=\"column-7\"><\/td><td class=\"column-8\">ksi\u0119ga<\/td><td class=\"column-9\"><\/td><td class=\"column-10\">280x420<\/td><td class=\"column-11\">\u0142ac, niem, pol<\/td><td class=\"column-12\">brak pierwszych 10 kart-wyrwane<\/td><td class=\"column-13\">AP Trzciel<\/td>\n<\/tr>\n<tr class=\"row-7 odd\">\n\t<td class=\"column-1\">PTr-kat 6<\/td><td class=\"column-2\">Parafia rzymskokatolicka Trzciel (Tirschtiegel)<\/td><td class=\"column-3\">Liber Copulator. Ecclesiae Paroch. Trzcielensis<\/td><td class=\"column-4\"><\/td><td class=\"column-5\">1796<\/td><td class=\"column-6\">1842<\/td><td class=\"column-7\"><\/td><td class=\"column-8\">ksi\u0119ga<\/td><td class=\"column-9\">175<\/td><td class=\"column-10\">205x350<\/td><td class=\"column-11\">\u0142ac<\/td><td class=\"column-12\">brak pierwszej karty<\/td><td class=\"column-13\">AP Trzciel<\/td>\n<\/tr>\n<tr class=\"row-8 even\">\n\t<td class=\"column-1\">PTr-kat 7<\/td><td class=\"column-2\">Parafia rzymskokatolicka Trzciel (Tirschtiegel)<\/td><td class=\"column-3\">Verzeichnis der Trauungen der Jahrg \u00e4 nge 1875<\/td><td class=\"column-4\"><\/td><td class=\"column-5\">1680<\/td><td class=\"column-6\">1874<\/td><td class=\"column-7\"><\/td><td class=\"column-8\">ksi\u0119ga<\/td><td class=\"column-9\"><\/td><td class=\"column-10\">220x340<\/td><td class=\"column-11\">niem<\/td><td class=\"column-12\"><\/td><td class=\"column-13\">AP Trzciel<\/td>\n<\/tr>\n<tr class=\"row-9 odd\">\n\t<td class=\"column-1\">PTr-kat 8<\/td><td class=\"column-2\">Parafia rzymskokatolicka Trzciel (Tirschtiegel)<\/td><td class=\"column-3\">Trauungsbuch<\/td><td class=\"column-4\"><\/td><td class=\"column-5\">1842<\/td><td class=\"column-6\">1947<\/td><td class=\"column-7\"><\/td><td class=\"column-8\">ksi\u0119ga<\/td><td class=\"column-9\"><\/td><td class=\"column-10\">245x370<\/td><td class=\"column-11\">\u0142ac, pol<\/td><td class=\"column-12\">brak karty 80<\/td><td class=\"column-13\">AP Trzciel<\/td>\n<\/tr>\n<tr class=\"row-10 even\">\n\t<td class=\"column-1\">PTr-kat 9<\/td><td class=\"column-2\">Parafia rzymskokatolicka Trzciel (Tirschtiegel)<\/td><td class=\"column-3\">[Karta z ksi\u0119gi zmar\u0142ych]<\/td><td class=\"column-4\"><\/td><td class=\"column-5\">1757<\/td><td class=\"column-6\">1758<\/td><td class=\"column-7\"><\/td><td class=\"column-8\">karta<\/td><td class=\"column-9\"><\/td><td class=\"column-10\">190x330<\/td><td class=\"column-11\">\u0142ac<\/td><td class=\"column-12\">strona 405-406<\/td><td class=\"column-13\">AP Trzciel<\/td>\n<\/tr>\n<tr class=\"row-11 odd\">\n\t<td class=\"column-1\">PTr-kat 10<\/td><td class=\"column-2\">Parafia rzymskokatolicka Trzciel (Tirschtiegel)<\/td><td class=\"column-3\">Sterberegister<\/td><td class=\"column-4\"><\/td><td class=\"column-5\">1795<\/td><td class=\"column-6\">1890<\/td><td class=\"column-7\"><\/td><td class=\"column-8\">ksi\u0119ga<\/td><td class=\"column-9\"><\/td><td class=\"column-10\">220x350<\/td><td class=\"column-11\">\u0142ac<\/td><td class=\"column-12\"><\/td><td class=\"column-13\">AP Trzciel<\/td>\n<\/tr>\n<tr class=\"row-12 even\">\n\t<td class=\"column-1\">PTr-kat 11<\/td><td class=\"column-2\">Parafia rzymskokatolicka Trzciel (Tirschtiegel)<\/td><td class=\"column-3\">Sterberegister<\/td><td class=\"column-4\"><\/td><td class=\"column-5\">1890<\/td><td class=\"column-6\">1937<\/td><td class=\"column-7\"><\/td><td class=\"column-8\">ksi\u0119ga<\/td><td class=\"column-9\"><\/td><td class=\"column-10\">265x410<\/td><td class=\"column-11\">\u0142ac, niem<\/td><td class=\"column-12\"><\/td><td class=\"column-13\">AP Trzciel<\/td>\n<\/tr>\n<tr class=\"row-13 odd\">\n\t<td class=\"column-1\">PTr-kat 12<\/td><td class=\"column-2\">Parafia rzymskokatolicka Trzciel (Tirschtiegel)<\/td><td class=\"column-3\">[Wykaz zmar\u0142ych stycze\u0144-luty 1945 oraz zmar\u0142ych 1941-1945]<\/td><td class=\"column-4\"><\/td><td class=\"column-5\">1941<\/td><td class=\"column-6\">1945<\/td><td class=\"column-7\"><\/td><td class=\"column-8\">2 karty<\/td><td class=\"column-9\"><\/td><td class=\"column-10\">210x300<\/td><td class=\"column-11\">niem<\/td><td class=\"column-12\"><\/td><td class=\"column-13\">AP Trzciel<\/td>\n<\/tr>\n<tr class=\"row-14 even\">\n\t<td class=\"column-1\">PTr-kat 13<\/td><td class=\"column-2\">Parafia rzymskokatolicka Trzciel (Tirschtiegel)<\/td><td class=\"column-3\">Protokoll-Buch der Kirchen Gemeindevertretung Alt Tirschtiegel<\/td><td class=\"column-4\"><\/td><td class=\"column-5\">1879<\/td><td class=\"column-6\">1906<\/td><td class=\"column-7\"><\/td><td class=\"column-8\">ksi\u0119ga<\/td><td class=\"column-9\"><\/td><td class=\"column-10\">215x350<\/td><td class=\"column-11\">niem<\/td><td class=\"column-12\"><\/td><td class=\"column-13\">AP Trzciel<\/td>\n<\/tr>\n<tr class=\"row-15 odd\">\n\t<td class=\"column-1\">PTr-kat 14<\/td><td class=\"column-2\">Parafia rzymskokatolicka Trzciel (Tirschtiegel)<\/td><td class=\"column-3\">[Akta lu\u017ane z ksi\u0105g metrykalnych]<\/td><td class=\"column-4\"><\/td><td class=\"column-5\">1876<\/td><td class=\"column-6\">1912<\/td><td class=\"column-7\"><\/td><td class=\"column-8\">akta lu\u017ane<\/td><td class=\"column-9\"><\/td><td class=\"column-10\">210x330<\/td><td class=\"column-11\">niem<\/td><td class=\"column-12\"><\/td><td class=\"column-13\">AP Trzciel<\/td>\n<\/tr>\n<tr class=\"row-16 even\">\n\t<td class=\"column-1\">PTr-kat 15<\/td><td class=\"column-2\">Parafia rzymskokatolicka Trzciel (Tirschtiegel)<\/td><td class=\"column-3\">Katholiken von Trzciel<\/td><td class=\"column-4\"><\/td><td class=\"column-5\">brak<\/td><td class=\"column-6\">brak<\/td><td class=\"column-7\"><\/td><td class=\"column-8\">poszyt<\/td><td class=\"column-9\"><\/td><td class=\"column-10\">210x295<\/td><td class=\"column-11\">niem<\/td><td class=\"column-12\"><\/td><td class=\"column-13\">AP Trzciel<\/td>\n<\/tr>\n<\/tbody>\n<\/table>\n<!-- #tablepress-2133 from cache -->\n","protected":false},"excerpt":{"rendered":"","protected":false},"author":1,"featured_media":0,"parent":46,"menu_order":0,"comment_status":"closed","ping_status":"closed","template":"","meta":{"ngg_post_thumbnail":0},"_links":{"self":[{"href":"https:\/\/archiwum.diecezjazg.pl\/index.php\/wp-json\/wp\/v2\/pages\/1698"}],"collection":[{"href":"https:\/\/archiwum.diecezjazg.pl\/index.php\/wp-json\/wp\/v2\/pages"}],"about":[{"href":"https:\/\/archiwum.diecezjazg.pl\/index.php\/wp-json\/wp\/v2\/types\/page"}],"author":[{"embeddable":true,"href":"https:\/\/archiwum.diecezjazg.pl\/index.php\/wp-json\/wp\/v2\/users\/1"}],"replies":[{"embeddable":true,"href":"https:\/\/archiwum.diecezjazg.pl\/index.php\/wp-json\/wp\/v2\/comments?post=1698"}],"version-history":[{"count":1,"href":"https:\/\/archiwum.diecezjazg.pl\/index.php\/wp-json\/wp\/v2\/pages\/1698\/revisions"}],"predecessor-version":[{"id":1699,"href":"https:\/\/archiwum.diecezjazg.pl\/index.php\/wp-json\/wp\/v2\/pages\/1698\/revisions\/1699"}],"up":[{"embeddable":true,"href":"https:\/\/archiwum.diecezjazg.pl\/index.php\/wp-json\/wp\/v2\/pages\/46"}],"wp:attachment":[{"href":"https:\/\/archiwum.diecezjazg.pl\/index.php\/wp-json\/wp\/v2\/media?parent=1698"}],"curies":[{"name":"wp","href":"https:\/\/api.w.org\/{rel}","templated":true}]}}