{"id":1684,"date":"2017-09-26T18:16:59","date_gmt":"2017-09-26T16:16:59","guid":{"rendered":"http:\/\/www.archiwum.diecezjazg.pl\/?page_id=1684"},"modified":"2017-09-26T18:16:59","modified_gmt":"2017-09-26T16:16:59","slug":"akta-parafii-katolickiej-szprotawa-sprottau-zespol-196-sygnatura-psz-kat","status":"publish","type":"page","link":"https:\/\/archiwum.diecezjazg.pl\/index.php\/zasoby-archiwalne\/akta-parafii-katolickiej-szprotawa-sprottau-zespol-196-sygnatura-psz-kat\/","title":{"rendered":"Akta parafii katolickiej Szprotawa Sprottau, zesp\u00f3\u0142 196, sygnatura PSz-kat"},"content":{"rendered":"\n<table id=\"tablepress-2126\" class=\"tablepress tablepress-id-2126\">\n<thead>\n<tr class=\"row-1 odd\">\n\t<th class=\"column-1\">Sygn<\/th><th class=\"column-2\">Zesp\u00f3\u0142 196<\/th><th class=\"column-3\">Tytu\u0142<\/th><th class=\"column-4\">Rok_ant<\/th><th class=\"column-5\">Rok_p<\/th><th class=\"column-6\">Rok_k<\/th><th class=\"column-7\">Rok_pos<\/th><th class=\"column-8\">Opis_fizyczny<\/th><th class=\"column-9\">ilo\u015b\u0107 stron<\/th><th class=\"column-10\">wymiar<\/th><th class=\"column-11\">j\u0119zyk<\/th><th class=\"column-12\">Sygnatury dawne<\/th><th class=\"column-13\">Uwagi<\/th>\n<\/tr>\n<\/thead>\n<tbody class=\"row-hover\">\n<tr class=\"row-2 even\">\n\t<td class=\"column-1\">PSz-kat 1<\/td><td class=\"column-2\">Parafia rzymskokatolicka Szprotawa (Sprottau) <\/td><td class=\"column-3\">Taufbuch fuer Sprottau<\/td><td class=\"column-4\"><\/td><td class=\"column-5\">1879<\/td><td class=\"column-6\">1920<\/td><td class=\"column-7\"><\/td><td class=\"column-8\">ksi\u0119ga<\/td><td class=\"column-9\"><\/td><td class=\"column-10\"><\/td><td class=\"column-11\">niem<\/td><td class=\"column-12\"><\/td><td class=\"column-13\">z\u0142y stan zachowania. Nie udost\u0119pnia si\u0119<\/td>\n<\/tr>\n<tr class=\"row-3 odd\">\n\t<td class=\"column-1\">PSz-kat 2<\/td><td class=\"column-2\">Parafia rzymskokatolicka Szprotawa (Sprottau) <\/td><td class=\"column-3\">Taufbuch der Pfarrgemeinde Sprottau<\/td><td class=\"column-4\"><\/td><td class=\"column-5\">1907<\/td><td class=\"column-6\">1945<\/td><td class=\"column-7\"><\/td><td class=\"column-8\">ksi\u0119ga<\/td><td class=\"column-9\"><\/td><td class=\"column-10\"><\/td><td class=\"column-11\">niem<\/td><td class=\"column-12\"><\/td><td class=\"column-13\"><\/td>\n<\/tr>\n<tr class=\"row-4 even\">\n\t<td class=\"column-1\">PSz-kat 3<\/td><td class=\"column-2\">Parafia rzymskokatolicka Szprotawa (Sprottau) <\/td><td class=\"column-3\">Taufbuch<\/td><td class=\"column-4\"><\/td><td class=\"column-5\">1940<\/td><td class=\"column-6\">1945<\/td><td class=\"column-7\"><\/td><td class=\"column-8\">ksi\u0119ga<\/td><td class=\"column-9\"><\/td><td class=\"column-10\">33<\/td><td class=\"column-11\">niem<\/td><td class=\"column-12\"><\/td><td class=\"column-13\"><\/td>\n<\/tr>\n<tr class=\"row-5 odd\">\n\t<td class=\"column-1\">PSz-kat 4<\/td><td class=\"column-2\">Parafia rzymskokatolicka Szprotawa (Sprottau) <\/td><td class=\"column-3\">Trauunungs-Buch der Katholiken und der Stadt Sprottau<\/td><td class=\"column-4\"><\/td><td class=\"column-5\">1861<\/td><td class=\"column-6\">1945<\/td><td class=\"column-7\"><\/td><td class=\"column-8\">ksi\u0119ga<\/td><td class=\"column-9\"><\/td><td class=\"column-10\"><\/td><td class=\"column-11\">niem<\/td><td class=\"column-12\"><\/td><td class=\"column-13\"><\/td>\n<\/tr>\n<tr class=\"row-6 even\">\n\t<td class=\"column-1\">PSz-kat 5<\/td><td class=\"column-2\">Parafia rzymskokatolicka Szprotawa (Sprottau) <\/td><td class=\"column-3\">Totenbuch der Pfarrgemeinde Sprottau<\/td><td class=\"column-4\"><\/td><td class=\"column-5\">1911<\/td><td class=\"column-6\">1945<\/td><td class=\"column-7\"><\/td><td class=\"column-8\">ksi\u0119ga<\/td><td class=\"column-9\"><\/td><td class=\"column-10\">137<\/td><td class=\"column-11\">niem, pol<\/td><td class=\"column-12\"><\/td><td class=\"column-13\"><\/td>\n<\/tr>\n<tr class=\"row-7 odd\">\n\t<td class=\"column-1\">PSz-kat 6<\/td><td class=\"column-2\">Parafia rzymskokatolicka Szprotawa (Sprottau) <\/td><td class=\"column-3\">Matrikelbuch der Getauften, Getrauten und Gestorbenen in der katholischen Militaergemeinde zu Sprottau<\/td><td class=\"column-4\"><\/td><td class=\"column-5\">1919<\/td><td class=\"column-6\">1945<\/td><td class=\"column-7\"><\/td><td class=\"column-8\">ksi\u0119ga<\/td><td class=\"column-9\"><\/td><td class=\"column-10\"><\/td><td class=\"column-11\">niem<\/td><td class=\"column-12\"><\/td><td class=\"column-13\"><\/td>\n<\/tr>\n<tr class=\"row-8 even\">\n\t<td class=\"column-1\">PSz-kat 7<\/td><td class=\"column-2\">Parafia rzymskokatolicka Szprotawa (Sprottau) <\/td><td class=\"column-3\">Liber Conversorum<\/td><td class=\"column-4\"><\/td><td class=\"column-5\">1938<\/td><td class=\"column-6\">1980<\/td><td class=\"column-7\"><\/td><td class=\"column-8\">ksi\u0119ga<\/td><td class=\"column-9\"><\/td><td class=\"column-10\"><\/td><td class=\"column-11\">pol<\/td><td class=\"column-12\"><\/td><td class=\"column-13\">H\u0142uboczek 1938-1945; Szprotawa 1946-1980<\/td>\n<\/tr>\n<tr class=\"row-9 odd\">\n\t<td class=\"column-1\">PSz-kat 8<\/td><td class=\"column-2\">Parafia rzymskokatolicka Szprotawa (Sprottau) <\/td><td class=\"column-3\">Fundations-Casse. Fundations-Urkunden<\/td><td class=\"column-4\">1348<\/td><td class=\"column-5\">1723<\/td><td class=\"column-6\">1944<\/td><td class=\"column-7\"><\/td><td class=\"column-8\">poszyt<\/td><td class=\"column-9\"><\/td><td class=\"column-10\"><\/td><td class=\"column-11\">niem, \u0142ac<\/td><td class=\"column-12\"><\/td><td class=\"column-13\"><\/td>\n<\/tr>\n<tr class=\"row-10 even\">\n\t<td class=\"column-1\">PSz-kat 9<\/td><td class=\"column-2\">Parafia rzymskokatolicka Szprotawa (Sprottau) <\/td><td class=\"column-3\">Inventarium der Parochie Sprottau<\/td><td class=\"column-4\"><\/td><td class=\"column-5\">1862<\/td><td class=\"column-6\">1866<\/td><td class=\"column-7\"><\/td><td class=\"column-8\">poszyt<\/td><td class=\"column-9\"><\/td><td class=\"column-10\"><\/td><td class=\"column-11\">niem<\/td><td class=\"column-12\"><\/td><td class=\"column-13\"><\/td>\n<\/tr>\n<tr class=\"row-11 odd\">\n\t<td class=\"column-1\">PSz-kat 10<\/td><td class=\"column-2\">Parafia rzymskokatolicka Szprotawa (Sprottau) <\/td><td class=\"column-3\">Acta betreffend den Besitz der Kirche von Klein Kuepper<\/td><td class=\"column-4\"><\/td><td class=\"column-5\">1885<\/td><td class=\"column-6\">1934<\/td><td class=\"column-7\"><\/td><td class=\"column-8\">poszyt<\/td><td class=\"column-9\"><\/td><td class=\"column-10\"><\/td><td class=\"column-11\">niem<\/td><td class=\"column-12\"><\/td><td class=\"column-13\"><\/td>\n<\/tr>\n<tr class=\"row-12 even\">\n\t<td class=\"column-1\">PSz-kat 11<\/td><td class=\"column-2\">Parafia rzymskokatolicka Szprotawa (Sprottau) <\/td><td class=\"column-3\">Dokumenty \u015blub\u00f3w<\/td><td class=\"column-4\"><\/td><td class=\"column-5\">1945<\/td><td class=\"column-6\"><\/td><td class=\"column-7\"><\/td><td class=\"column-8\">skoroszyt<\/td><td class=\"column-9\"><\/td><td class=\"column-10\"><\/td><td class=\"column-11\">pol<\/td><td class=\"column-12\"><\/td><td class=\"column-13\"><\/td>\n<\/tr>\n<\/tbody>\n<\/table>\n<!-- #tablepress-2126 from cache -->\n","protected":false},"excerpt":{"rendered":"","protected":false},"author":1,"featured_media":0,"parent":46,"menu_order":0,"comment_status":"closed","ping_status":"closed","template":"","meta":{"ngg_post_thumbnail":0},"_links":{"self":[{"href":"https:\/\/archiwum.diecezjazg.pl\/index.php\/wp-json\/wp\/v2\/pages\/1684"}],"collection":[{"href":"https:\/\/archiwum.diecezjazg.pl\/index.php\/wp-json\/wp\/v2\/pages"}],"about":[{"href":"https:\/\/archiwum.diecezjazg.pl\/index.php\/wp-json\/wp\/v2\/types\/page"}],"author":[{"embeddable":true,"href":"https:\/\/archiwum.diecezjazg.pl\/index.php\/wp-json\/wp\/v2\/users\/1"}],"replies":[{"embeddable":true,"href":"https:\/\/archiwum.diecezjazg.pl\/index.php\/wp-json\/wp\/v2\/comments?post=1684"}],"version-history":[{"count":1,"href":"https:\/\/archiwum.diecezjazg.pl\/index.php\/wp-json\/wp\/v2\/pages\/1684\/revisions"}],"predecessor-version":[{"id":1685,"href":"https:\/\/archiwum.diecezjazg.pl\/index.php\/wp-json\/wp\/v2\/pages\/1684\/revisions\/1685"}],"up":[{"embeddable":true,"href":"https:\/\/archiwum.diecezjazg.pl\/index.php\/wp-json\/wp\/v2\/pages\/46"}],"wp:attachment":[{"href":"https:\/\/archiwum.diecezjazg.pl\/index.php\/wp-json\/wp\/v2\/media?parent=1684"}],"curies":[{"name":"wp","href":"https:\/\/api.w.org\/{rel}","templated":true}]}}