{"id":1680,"date":"2017-09-26T18:14:47","date_gmt":"2017-09-26T16:14:47","guid":{"rendered":"http:\/\/www.archiwum.diecezjazg.pl\/?page_id=1680"},"modified":"2017-09-26T18:14:47","modified_gmt":"2017-09-26T16:14:47","slug":"akta-kosciola-ewangelickiego-sulecin-zielenzig-zespol-194-sygnatura-psul-ew","status":"publish","type":"page","link":"https:\/\/archiwum.diecezjazg.pl\/index.php\/zasoby-archiwalne\/akta-kosciola-ewangelickiego-sulecin-zielenzig-zespol-194-sygnatura-psul-ew\/","title":{"rendered":"Akta ko\u015bcio\u0142a ewangelickiego Sul\u0119cin Zielenzig, zesp\u00f3\u0142 194, sygnatura PSul-ew"},"content":{"rendered":"\n<table id=\"tablepress-2124\" class=\"tablepress tablepress-id-2124\">\n<thead>\n<tr class=\"row-1 odd\">\n\t<th class=\"column-1\">Sygn<\/th><th class=\"column-2\">Zesp\u00f3\u0142 194<\/th><th class=\"column-3\">Tytu\u0142<\/th><th class=\"column-4\">Rok_ant<\/th><th class=\"column-5\">Rok_p<\/th><th class=\"column-6\">Rok_k<\/th><th class=\"column-7\">Rok_pos<\/th><th class=\"column-8\">Opis_fizyczny<\/th><th class=\"column-9\">ilo\u015b\u0107 stron<\/th><th class=\"column-10\">wymiar<\/th><th class=\"column-11\">j\u0119zyk<\/th><th class=\"column-12\">Sygnatury dawne<\/th><th class=\"column-13\">Uwagi<\/th>\n<\/tr>\n<\/thead>\n<tbody class=\"row-hover\">\n<tr class=\"row-2 even\">\n\t<td class=\"column-1\">PSul-ew 1<\/td><td class=\"column-2\"> Ko\u015bci\u00f3\u0142 ewangelicki Sul\u0119cin (Evangelische Stadtpfarrkirche Zielenzig) 1910<\/td><td class=\"column-3\">[Pergaminowy dokument z wie\u017cy ko\u015bcio\u0142a \u015bw. Henryka]<\/td><td class=\"column-4\"><\/td><td class=\"column-5\">1909<\/td><td class=\"column-6\">1909<\/td><td class=\"column-7\"><\/td><td class=\"column-8\">stan dobry, przebarwiony, lekko skruszony<\/td><td class=\"column-9\">6 kart<\/td><td class=\"column-10\">315x191<\/td><td class=\"column-11\">niemiecki<\/td><td class=\"column-12\"><\/td><td class=\"column-13\">AP Sul\u0119cin<\/td>\n<\/tr>\n<tr class=\"row-3 odd\">\n\t<td class=\"column-1\">PSul-ew 2<\/td><td class=\"column-2\"> Ko\u015bci\u00f3\u0142 ewangelicki Sul\u0119cin (Evangelische Stadtpfarrkirche Zielenzig) 1911<\/td><td class=\"column-3\">[Dokument z bia\u0142ej sk\u00f3ry znaleziony pod o\u0142tarzem ko\u015bcio\u0142a \u015bw. Henryka]<\/td><td class=\"column-4\"><\/td><td class=\"column-5\">1909<\/td><td class=\"column-6\">1909<\/td><td class=\"column-7\"><\/td><td class=\"column-8\">stan dobry, przebarwiony, pofa\u0142dowany<\/td><td class=\"column-9\">2 karty<\/td><td class=\"column-10\">344x218<\/td><td class=\"column-11\">niemiecki<\/td><td class=\"column-12\"><\/td><td class=\"column-13\">AP Sul\u0119cin<\/td>\n<\/tr>\n<\/tbody>\n<\/table>\n<!-- #tablepress-2124 from cache -->\n","protected":false},"excerpt":{"rendered":"","protected":false},"author":1,"featured_media":0,"parent":46,"menu_order":0,"comment_status":"closed","ping_status":"closed","template":"","meta":{"ngg_post_thumbnail":0},"_links":{"self":[{"href":"https:\/\/archiwum.diecezjazg.pl\/index.php\/wp-json\/wp\/v2\/pages\/1680"}],"collection":[{"href":"https:\/\/archiwum.diecezjazg.pl\/index.php\/wp-json\/wp\/v2\/pages"}],"about":[{"href":"https:\/\/archiwum.diecezjazg.pl\/index.php\/wp-json\/wp\/v2\/types\/page"}],"author":[{"embeddable":true,"href":"https:\/\/archiwum.diecezjazg.pl\/index.php\/wp-json\/wp\/v2\/users\/1"}],"replies":[{"embeddable":true,"href":"https:\/\/archiwum.diecezjazg.pl\/index.php\/wp-json\/wp\/v2\/comments?post=1680"}],"version-history":[{"count":1,"href":"https:\/\/archiwum.diecezjazg.pl\/index.php\/wp-json\/wp\/v2\/pages\/1680\/revisions"}],"predecessor-version":[{"id":1681,"href":"https:\/\/archiwum.diecezjazg.pl\/index.php\/wp-json\/wp\/v2\/pages\/1680\/revisions\/1681"}],"up":[{"embeddable":true,"href":"https:\/\/archiwum.diecezjazg.pl\/index.php\/wp-json\/wp\/v2\/pages\/46"}],"wp:attachment":[{"href":"https:\/\/archiwum.diecezjazg.pl\/index.php\/wp-json\/wp\/v2\/media?parent=1680"}],"curies":[{"name":"wp","href":"https:\/\/api.w.org\/{rel}","templated":true}]}}