{"id":1600,"date":"2017-09-26T16:58:05","date_gmt":"2017-09-26T14:58:05","guid":{"rendered":"http:\/\/www.archiwum.diecezjazg.pl\/?page_id=1600"},"modified":"2017-09-26T16:58:05","modified_gmt":"2017-09-26T14:58:05","slug":"akta-parafii-katolickiej-milakow-milkau-zespol-155-sygnatura-pmil-kat","status":"publish","type":"page","link":"https:\/\/archiwum.diecezjazg.pl\/index.php\/zasoby-archiwalne\/akta-parafii-katolickiej-milakow-milkau-zespol-155-sygnatura-pmil-kat\/","title":{"rendered":"Akta parafii katolickiej Mi\u0142ak\u00f3w Milkau, zesp\u00f3\u0142 155, sygnatura PMi\u0142-kat"},"content":{"rendered":"\n<table id=\"tablepress-285\" class=\"tablepress tablepress-id-285\">\n<thead>\n<tr class=\"row-1 odd\">\n\t<th class=\"column-1\">Sygn<\/th><th class=\"column-2\">Zesp\u00f3\u0142 155<\/th><th class=\"column-3\">Tytu\u0142<\/th><th class=\"column-4\">Rok_ant<\/th><th class=\"column-5\">Rok_p<\/th><th class=\"column-6\">Rok_k<\/th><th class=\"column-7\">Rok_pos<\/th><th class=\"column-8\">Opis_fizyczny<\/th><th class=\"column-9\">ilo\u015b\u0107 <\/th><th class=\"column-10\">wymiar<\/th><th class=\"column-11\">j\u0119zyk<\/th><th class=\"column-12\">Sygnatury dawne<\/th><th class=\"column-13\">Uwagi<\/th>\n<\/tr>\n<\/thead>\n<tbody class=\"row-hover\">\n<tr class=\"row-2 even\">\n\t<td class=\"column-1\">PMi\u0142-kat 1<\/td><td class=\"column-2\">Parafia rzymskokatolicka Mi\u0142ak\u00f3w (Milkau)<\/td><td class=\"column-3\">Tauf-Matrikel der Pfarrei Milkau Vol. VI<\/td><td class=\"column-4\"><\/td><td class=\"column-5\">1873<\/td><td class=\"column-6\">1939<\/td><td class=\"column-7\"><\/td><td class=\"column-8\">ksi\u0119ga<\/td><td class=\"column-9\"><\/td><td class=\"column-10\">245x370<\/td><td class=\"column-11\">niem<\/td><td class=\"column-12\"><\/td><td class=\"column-13\">AP Mi\u0142ak\u00f3w<\/td>\n<\/tr>\n<tr class=\"row-3 odd\">\n\t<td class=\"column-1\">PMi\u0142-kat 2<\/td><td class=\"column-2\">Parafia rzymskokatolicka Mi\u0142ak\u00f3w (Milkau)<\/td><td class=\"column-3\">Trauregister zur Parochie Milkau<\/td><td class=\"column-4\"><\/td><td class=\"column-5\">1863<\/td><td class=\"column-6\">1946<\/td><td class=\"column-7\"><\/td><td class=\"column-8\">ksi\u0119ga<\/td><td class=\"column-9\"><\/td><td class=\"column-10\">240x370<\/td><td class=\"column-11\">niem<\/td><td class=\"column-12\"><\/td><td class=\"column-13\">AP Mi\u0142ak\u00f3w<\/td>\n<\/tr>\n<tr class=\"row-4 even\">\n\t<td class=\"column-1\">PMi\u0142-kat 3<\/td><td class=\"column-2\">Parafia rzymskokatolicka Mi\u0142ak\u00f3w (Milkau)<\/td><td class=\"column-3\">Popsch \u00fc tzer Kirchenrechnungsbuch<\/td><td class=\"column-4\"><\/td><td class=\"column-5\">1805<\/td><td class=\"column-6\">1891<\/td><td class=\"column-7\"><\/td><td class=\"column-8\">ksi\u0119ga<\/td><td class=\"column-9\"><\/td><td class=\"column-10\">235x360<\/td><td class=\"column-11\">niem<\/td><td class=\"column-12\"><\/td><td class=\"column-13\">AP Mi\u0142ak\u00f3w<\/td>\n<\/tr>\n<tr class=\"row-5 odd\">\n\t<td class=\"column-1\">PMi\u0142-kat 4<\/td><td class=\"column-2\">Parafia rzymskokatolicka Mi\u0142ak\u00f3w (Milkau)<\/td><td class=\"column-3\">Popsch \u00fc tzer Kirchenkassen-Rechnung<\/td><td class=\"column-4\"><\/td><td class=\"column-5\">1889<\/td><td class=\"column-6\">1889<\/td><td class=\"column-7\"><\/td><td class=\"column-8\">poszyt<\/td><td class=\"column-9\"><\/td><td class=\"column-10\">210x330<\/td><td class=\"column-11\">niem<\/td><td class=\"column-12\"><\/td><td class=\"column-13\">AP Mi\u0142ak\u00f3w<\/td>\n<\/tr>\n<tr class=\"row-6 even\">\n\t<td class=\"column-1\">PMi\u0142-kat 5<\/td><td class=\"column-2\">Parafia rzymskokatolicka Mi\u0142ak\u00f3w (Milkau)<\/td><td class=\"column-3\">Das Amtsgericht Sprottau &amp; Beuthen a. Oder [Korespondencja z dozorem ko\u015bcielnym]<\/td><td class=\"column-4\"><\/td><td class=\"column-5\">1889<\/td><td class=\"column-6\">1926<\/td><td class=\"column-7\"><\/td><td class=\"column-8\">poszyt<\/td><td class=\"column-9\"><\/td><td class=\"column-10\">240x360<\/td><td class=\"column-11\">niem<\/td><td class=\"column-12\"><\/td><td class=\"column-13\">AP Mi\u0142ak\u00f3w<\/td>\n<\/tr>\n<tr class=\"row-7 odd\">\n\t<td class=\"column-1\">PMi\u0142-kat 6<\/td><td class=\"column-2\">Parafia rzymskokatolicka Mi\u0142ak\u00f3w (Milkau)<\/td><td class=\"column-3\">Kirchenkasse von Milkau<\/td><td class=\"column-4\"><\/td><td class=\"column-5\">1868<\/td><td class=\"column-6\">1868<\/td><td class=\"column-7\"><\/td><td class=\"column-8\">1 karta<\/td><td class=\"column-9\"><\/td><td class=\"column-10\">210x330<\/td><td class=\"column-11\">niem<\/td><td class=\"column-12\"><\/td><td class=\"column-13\">AP Mi\u0142ak\u00f3w<\/td>\n<\/tr>\n<tr class=\"row-8 even\">\n\t<td class=\"column-1\">PMi\u0142-kat 7<\/td><td class=\"column-2\">Parafia rzymskokatolicka Mi\u0142ak\u00f3w (Milkau)<\/td><td class=\"column-3\">[Odpisy z USC dotycz\u0105ce narodzin i \u015blub\u00f3w, wyj\u0119te z ksi\u0105g metrykalnych Mi\u0142akowa]<\/td><td class=\"column-4\"><\/td><td class=\"column-5\">1893<\/td><td class=\"column-6\">1937<\/td><td class=\"column-7\"><\/td><td class=\"column-8\">akta lu\u017ane<\/td><td class=\"column-9\"><\/td><td class=\"column-10\">210x330<\/td><td class=\"column-11\">niem<\/td><td class=\"column-12\"><\/td><td class=\"column-13\">AP Mi\u0142ak\u00f3w<\/td>\n<\/tr>\n<\/tbody>\n<\/table>\n<!-- #tablepress-285 from cache -->\n","protected":false},"excerpt":{"rendered":"","protected":false},"author":1,"featured_media":0,"parent":46,"menu_order":0,"comment_status":"closed","ping_status":"closed","template":"","meta":{"ngg_post_thumbnail":0},"_links":{"self":[{"href":"https:\/\/archiwum.diecezjazg.pl\/index.php\/wp-json\/wp\/v2\/pages\/1600"}],"collection":[{"href":"https:\/\/archiwum.diecezjazg.pl\/index.php\/wp-json\/wp\/v2\/pages"}],"about":[{"href":"https:\/\/archiwum.diecezjazg.pl\/index.php\/wp-json\/wp\/v2\/types\/page"}],"author":[{"embeddable":true,"href":"https:\/\/archiwum.diecezjazg.pl\/index.php\/wp-json\/wp\/v2\/users\/1"}],"replies":[{"embeddable":true,"href":"https:\/\/archiwum.diecezjazg.pl\/index.php\/wp-json\/wp\/v2\/comments?post=1600"}],"version-history":[{"count":1,"href":"https:\/\/archiwum.diecezjazg.pl\/index.php\/wp-json\/wp\/v2\/pages\/1600\/revisions"}],"predecessor-version":[{"id":1601,"href":"https:\/\/archiwum.diecezjazg.pl\/index.php\/wp-json\/wp\/v2\/pages\/1600\/revisions\/1601"}],"up":[{"embeddable":true,"href":"https:\/\/archiwum.diecezjazg.pl\/index.php\/wp-json\/wp\/v2\/pages\/46"}],"wp:attachment":[{"href":"https:\/\/archiwum.diecezjazg.pl\/index.php\/wp-json\/wp\/v2\/media?parent=1600"}],"curies":[{"name":"wp","href":"https:\/\/api.w.org\/{rel}","templated":true}]}}