{"id":1523,"date":"2017-09-26T16:08:50","date_gmt":"2017-09-26T14:08:50","guid":{"rendered":"http:\/\/www.archiwum.diecezjazg.pl\/?page_id=1523"},"modified":"2017-09-26T16:08:50","modified_gmt":"2017-09-26T14:08:50","slug":"akta-parafii-katolickiej-jakubow-jakobskirch-zespol-117-sygnatura-pjak-kat","status":"publish","type":"page","link":"https:\/\/archiwum.diecezjazg.pl\/index.php\/zasoby-archiwalne\/akta-parafii-katolickiej-jakubow-jakobskirch-zespol-117-sygnatura-pjak-kat\/","title":{"rendered":"Akta parafii katolickiej Jakub\u00f3w Jakobskirch, zesp\u00f3\u0142 117, sygnatura PJak-kat"},"content":{"rendered":"\n<table id=\"tablepress-247\" class=\"tablepress tablepress-id-247\">\n<thead>\n<tr class=\"row-1 odd\">\n\t<th class=\"column-1\">Sygn<\/th><th class=\"column-2\">Zesp\u00f3\u0142 117<\/th><th class=\"column-3\">Tytu\u0142<\/th><th class=\"column-4\">Rok_ant<\/th><th class=\"column-5\">Rok_p<\/th><th class=\"column-6\">Rok_k<\/th><th class=\"column-7\">Rok_pos<\/th><th class=\"column-8\">Opis_fizyczny<\/th><th class=\"column-9\">ilo\u015b\u0107 stron<\/th><th class=\"column-10\">wymiar<\/th><th class=\"column-11\">j\u0119zyk<\/th><th class=\"column-12\">Sygnatury dawne<\/th><th class=\"column-13\">Uwagi<\/th>\n<\/tr>\n<\/thead>\n<tbody class=\"row-hover\">\n<tr class=\"row-2 even\">\n\t<td class=\"column-1\">PJak-kat 1<\/td><td class=\"column-2\">Parafia rzymskokatolicka Jakub\u00f3w (Jakobskirch)<\/td><td class=\"column-3\">Tauf und Trauungs-Buch der katholischen Pfarr-Kirche zu Jakobskirch<\/td><td class=\"column-4\"><\/td><td class=\"column-5\">1735<\/td><td class=\"column-6\">1802<\/td><td class=\"column-7\"><\/td><td class=\"column-8\">ksi\u0119ga<\/td><td class=\"column-9\">216+66<\/td><td class=\"column-10\">210x330<\/td><td class=\"column-11\">niem<\/td><td class=\"column-12\"><\/td><td class=\"column-13\">AP Jakub\u00f3w<\/td>\n<\/tr>\n<tr class=\"row-3 odd\">\n\t<td class=\"column-1\">PJak-kat 2<\/td><td class=\"column-2\">Parafia rzymskokatolicka Jakub\u00f3w (Jakobskirch)<\/td><td class=\"column-3\">Tauf-Buch der katholischen Pfarr-Kirche zu Jakobskirch<\/td><td class=\"column-4\"><\/td><td class=\"column-5\">1803<\/td><td class=\"column-6\">1835<\/td><td class=\"column-7\"><\/td><td class=\"column-8\">ksi\u0119ga<\/td><td class=\"column-9\">189<\/td><td class=\"column-10\">210x340<\/td><td class=\"column-11\">niem<\/td><td class=\"column-12\"><\/td><td class=\"column-13\">AP Jakub\u00f3w<\/td>\n<\/tr>\n<tr class=\"row-4 even\">\n\t<td class=\"column-1\">PJak-kat 3<\/td><td class=\"column-2\">Parafia rzymskokatolicka Jakub\u00f3w (Jakobskirch)<\/td><td class=\"column-3\">Tauf-Buch der katholischen Pfarr-Kirche zu Jakobskirch<\/td><td class=\"column-4\"><\/td><td class=\"column-5\">1836<\/td><td class=\"column-6\">1873<\/td><td class=\"column-7\"><\/td><td class=\"column-8\">ksi\u0119ga<\/td><td class=\"column-9\">591<\/td><td class=\"column-10\">250x375<\/td><td class=\"column-11\"><\/td><td class=\"column-12\"><\/td><td class=\"column-13\"><\/td>\n<\/tr>\n<tr class=\"row-5 odd\">\n\t<td class=\"column-1\">PJak-kat 4<\/td><td class=\"column-2\">Parafia rzymskokatolicka Jakub\u00f3w (Jakobskirch)<\/td><td class=\"column-3\">Trauungs-Buch der katholischen Pfarr-Kirche zu Jakobskirch<\/td><td class=\"column-4\"><\/td><td class=\"column-5\">1803<\/td><td class=\"column-6\">1875<\/td><td class=\"column-7\"><\/td><td class=\"column-8\">ksi\u0119ga<\/td><td class=\"column-9\">244<\/td><td class=\"column-10\">210x340<\/td><td class=\"column-11\">niem<\/td><td class=\"column-12\"><\/td><td class=\"column-13\">AP Jakub\u00f3w<\/td>\n<\/tr>\n<tr class=\"row-6 even\">\n\t<td class=\"column-1\">PJak-kat 5<\/td><td class=\"column-2\">Parafia rzymskokatolicka Jakub\u00f3w (Jakobskirch)<\/td><td class=\"column-3\">[Totenbuch 1735-1766; 1759-1867]<\/td><td class=\"column-4\"><\/td><td class=\"column-5\">1735<\/td><td class=\"column-6\">1867<\/td><td class=\"column-7\"><\/td><td class=\"column-8\">ksi\u0119ga<\/td><td class=\"column-9\"><\/td><td class=\"column-10\">210x330<\/td><td class=\"column-11\">niem<\/td><td class=\"column-12\"><\/td><td class=\"column-13\">Brak ok\u0142adki. AP Jakub\u00f3w<\/td>\n<\/tr>\n<tr class=\"row-7 odd\">\n\t<td class=\"column-1\">PJak-kat 6<\/td><td class=\"column-2\">Parafia rzymskokatolicka Jakub\u00f3w (Jakobskirch)<\/td><td class=\"column-3\">Beerdigungen bei der katholischen Pfarrkirche zu Jakobskirch<\/td><td class=\"column-4\"><\/td><td class=\"column-5\">1868<\/td><td class=\"column-6\">1947<\/td><td class=\"column-7\"><\/td><td class=\"column-8\">ksi\u0119ga<\/td><td class=\"column-9\">202<\/td><td class=\"column-10\">230x360<\/td><td class=\"column-11\">niem, pol<\/td><td class=\"column-12\"><\/td><td class=\"column-13\">AP Jakub\u00f3w<\/td>\n<\/tr>\n<tr class=\"row-8 even\">\n\t<td class=\"column-1\">PJak-kat 7<\/td><td class=\"column-2\">Parafia rzymskokatolicka Jakub\u00f3w (Jakobskirch)<\/td><td class=\"column-3\">Accidentia stolae Jakobskirch<\/td><td class=\"column-4\"><\/td><td class=\"column-5\">1742<\/td><td class=\"column-6\">1781<\/td><td class=\"column-7\"><\/td><td class=\"column-8\">ksi\u0119ga<\/td><td class=\"column-9\"><\/td><td class=\"column-10\">215x330<\/td><td class=\"column-11\">niem<\/td><td class=\"column-12\">7; 10; 12<\/td><td class=\"column-13\">AP Jakub\u00f3w<\/td>\n<\/tr>\n<tr class=\"row-9 odd\">\n\t<td class=\"column-1\">PJak-kat 8<\/td><td class=\"column-2\">Parafia rzymskokatolicka Jakub\u00f3w (Jakobskirch)<\/td><td class=\"column-3\">Kirchen-Register von Jakobskirch<\/td><td class=\"column-4\"><\/td><td class=\"column-5\">1755<\/td><td class=\"column-6\">1857<\/td><td class=\"column-7\"><\/td><td class=\"column-8\">ksi\u0119ga<\/td><td class=\"column-9\"><\/td><td class=\"column-10\">210x310<\/td><td class=\"column-11\">niem<\/td><td class=\"column-12\">16a; IV 6<\/td><td class=\"column-13\">AP Jakub\u00f3w<\/td>\n<\/tr>\n<tr class=\"row-10 even\">\n\t<td class=\"column-1\">PJak-kat 9<\/td><td class=\"column-2\">Parafia rzymskokatolicka Jakub\u00f3w (Jakobskirch)<\/td><td class=\"column-3\">Thurm-Register von Jakobskirch<\/td><td class=\"column-4\"><\/td><td class=\"column-5\">1765<\/td><td class=\"column-6\">1847<\/td><td class=\"column-7\"><\/td><td class=\"column-8\">ksi\u0119ga<\/td><td class=\"column-9\"><\/td><td class=\"column-10\">205x315<\/td><td class=\"column-11\">niem<\/td><td class=\"column-12\">3<\/td><td class=\"column-13\">AP Jakub\u00f3w<\/td>\n<\/tr>\n<tr class=\"row-11 odd\">\n\t<td class=\"column-1\">PJak-kat 10<\/td><td class=\"column-2\">Parafia rzymskokatolicka Jakub\u00f3w (Jakobskirch)<\/td><td class=\"column-3\">Regestu. Fundationum in Ecclesiae<\/td><td class=\"column-4\"><\/td><td class=\"column-5\">1780<\/td><td class=\"column-6\">1802<\/td><td class=\"column-7\"><\/td><td class=\"column-8\">ksi\u0119ga<\/td><td class=\"column-9\"><\/td><td class=\"column-10\">210x335<\/td><td class=\"column-11\">niem<\/td><td class=\"column-12\">2; II RS<\/td><td class=\"column-13\">AP Jakub\u00f3w<\/td>\n<\/tr>\n<tr class=\"row-12 even\">\n\t<td class=\"column-1\">PJak-kat 11<\/td><td class=\"column-2\">Parafia rzymskokatolicka Jakub\u00f3w (Jakobskirch)<\/td><td class=\"column-3\">Currenden-Buch<\/td><td class=\"column-4\"><\/td><td class=\"column-5\">1799<\/td><td class=\"column-6\">1839<\/td><td class=\"column-7\"><\/td><td class=\"column-8\">ksi\u0119ga<\/td><td class=\"column-9\"><\/td><td class=\"column-10\">225x345<\/td><td class=\"column-11\">niem<\/td><td class=\"column-12\">10c; 11<\/td><td class=\"column-13\">AP Jakub\u00f3w<\/td>\n<\/tr>\n<tr class=\"row-13 odd\">\n\t<td class=\"column-1\">PJak-kat 12<\/td><td class=\"column-2\">Parafia rzymskokatolicka Jakub\u00f3w (Jakobskirch)<\/td><td class=\"column-3\">Regestum fundationum in Ecclesia Jacobskirchensis<\/td><td class=\"column-4\"><\/td><td class=\"column-5\">1802<\/td><td class=\"column-6\">1815<\/td><td class=\"column-7\"><\/td><td class=\"column-8\">ksi\u0119ga<\/td><td class=\"column-9\"><\/td><td class=\"column-10\">215x355<\/td><td class=\"column-11\">niem<\/td><td class=\"column-12\">19b; 34; II 9<\/td><td class=\"column-13\">AP Jakub\u00f3w<\/td>\n<\/tr>\n<tr class=\"row-14 even\">\n\t<td class=\"column-1\">PJak-kat 13<\/td><td class=\"column-2\">Parafia rzymskokatolicka Jakub\u00f3w (Jakobskirch)<\/td><td class=\"column-3\">[Einnahme und Ausgabe von Jakobskirch]<\/td><td class=\"column-4\"><\/td><td class=\"column-5\">1815<\/td><td class=\"column-6\">1858<\/td><td class=\"column-7\"><\/td><td class=\"column-8\">ksi\u0119ga<\/td><td class=\"column-9\"><\/td><td class=\"column-10\">220x350<\/td><td class=\"column-11\">niem<\/td><td class=\"column-12\">19c; II<\/td><td class=\"column-13\">AP Jakub\u00f3w<\/td>\n<\/tr>\n<tr class=\"row-15 odd\">\n\t<td class=\"column-1\">PJak-kat 14<\/td><td class=\"column-2\">Parafia rzymskokatolicka Jakub\u00f3w (Jakobskirch)<\/td><td class=\"column-3\">[Currenden-Buch von Jakobskirch]<\/td><td class=\"column-4\"><\/td><td class=\"column-5\">1829<\/td><td class=\"column-6\">1839<\/td><td class=\"column-7\"><\/td><td class=\"column-8\">ksi\u0119ga<\/td><td class=\"column-9\"><\/td><td class=\"column-10\">240x360<\/td><td class=\"column-11\">niem<\/td><td class=\"column-12\"><\/td><td class=\"column-13\">AP Jakub\u00f3w<\/td>\n<\/tr>\n<tr class=\"row-16 even\">\n\t<td class=\"column-1\">PJak-kat 15<\/td><td class=\"column-2\">Parafia rzymskokatolicka Jakub\u00f3w (Jakobskirch)<\/td><td class=\"column-3\">[Register-Buch von Jakobskirch]<\/td><td class=\"column-4\"><\/td><td class=\"column-5\">1832<\/td><td class=\"column-6\">1871<\/td><td class=\"column-7\"><\/td><td class=\"column-8\">ksi\u0119ga<\/td><td class=\"column-9\"><\/td><td class=\"column-10\">220x360<\/td><td class=\"column-11\">niem<\/td><td class=\"column-12\">II 14<\/td><td class=\"column-13\">AP Jakub\u00f3w<\/td>\n<\/tr>\n<tr class=\"row-17 odd\">\n\t<td class=\"column-1\">PJak-kat 16<\/td><td class=\"column-2\">Parafia rzymskokatolicka Jakub\u00f3w (Jakobskirch)<\/td><td class=\"column-3\">Schul-Register von Jakobskirch<\/td><td class=\"column-4\"><\/td><td class=\"column-5\">1832<\/td><td class=\"column-6\">1876<\/td><td class=\"column-7\"><\/td><td class=\"column-8\">ksi\u0119ga<\/td><td class=\"column-9\"><\/td><td class=\"column-10\">230x360<\/td><td class=\"column-11\">niem<\/td><td class=\"column-12\">22; 39; II 12<\/td><td class=\"column-13\">AP Jakub\u00f3w<\/td>\n<\/tr>\n<tr class=\"row-18 even\">\n\t<td class=\"column-1\">PJak-kat 17<\/td><td class=\"column-2\">Parafia rzymskokatolicka Jakub\u00f3w (Jakobskirch)<\/td><td class=\"column-3\">Verordnungen geistlicher und ...Beh\u00f6rden f\u00fcr die katholischen Pfarrrei Jakobskirch<\/td><td class=\"column-4\"><\/td><td class=\"column-5\">1839<\/td><td class=\"column-6\">1873<\/td><td class=\"column-7\"><\/td><td class=\"column-8\">ksi\u0119ga<\/td><td class=\"column-9\"><\/td><td class=\"column-10\">255x390<\/td><td class=\"column-11\">niem<\/td><td class=\"column-12\">10d; 27<\/td><td class=\"column-13\">AP Jakub\u00f3w<\/td>\n<\/tr>\n<tr class=\"row-19 odd\">\n\t<td class=\"column-1\">PJak-kat 18<\/td><td class=\"column-2\">Parafia rzymskokatolicka Jakub\u00f3w (Jakobskirch)<\/td><td class=\"column-3\">Thurm Register bei der katholischen Pfarrkirche zu Jacobskirch II.<\/td><td class=\"column-4\"><\/td><td class=\"column-5\">1847<\/td><td class=\"column-6\">1876<\/td><td class=\"column-7\"><\/td><td class=\"column-8\">ksi\u0119ga<\/td><td class=\"column-9\"><\/td><td class=\"column-10\">230x360<\/td><td class=\"column-11\">niem<\/td><td class=\"column-12\">17 b; 28; II 7<\/td><td class=\"column-13\">AP Jakub\u00f3w<\/td>\n<\/tr>\n<tr class=\"row-20 even\">\n\t<td class=\"column-1\">PJak-kat 19<\/td><td class=\"column-2\">Parafia rzymskokatolicka Jakub\u00f3w (Jakobskirch)<\/td><td class=\"column-3\">Mess-Fundatioms-Register von Jakobskirch<\/td><td class=\"column-4\"><\/td><td class=\"column-5\">1849<\/td><td class=\"column-6\">1878<\/td><td class=\"column-7\"><\/td><td class=\"column-8\">ksi\u0119ga<\/td><td class=\"column-9\"><\/td><td class=\"column-10\">225x350<\/td><td class=\"column-11\">niem<\/td><td class=\"column-12\">35; II 11<\/td><td class=\"column-13\">AP Jakub\u00f3w<\/td>\n<\/tr>\n<tr class=\"row-21 odd\">\n\t<td class=\"column-1\">PJak-kat 20<\/td><td class=\"column-2\">Parafia rzymskokatolicka Jakub\u00f3w (Jakobskirch)<\/td><td class=\"column-3\">Manual \u00fcber Einnahme und Ausgabe bei der Kirchen, vesp. Thurm-Kassen der kathol. Kirchen zu Jakobskirche, Hermsdorf und Nilbau<\/td><td class=\"column-4\"><\/td><td class=\"column-5\">1850<\/td><td class=\"column-6\">1870<\/td><td class=\"column-7\"><\/td><td class=\"column-8\">ksi\u0119ga<\/td><td class=\"column-9\"><\/td><td class=\"column-10\">220x350<\/td><td class=\"column-11\">niem<\/td><td class=\"column-12\">14a; II 2<\/td><td class=\"column-13\">AP Jakub\u00f3w<\/td>\n<\/tr>\n<tr class=\"row-22 even\">\n\t<td class=\"column-1\">PJak-kat 21<\/td><td class=\"column-2\">Parafia rzymskokatolicka Jakub\u00f3w (Jakobskirch)<\/td><td class=\"column-3\">Journal \u00fcber Einnahme und Ausgabe bei der Kirch-und Thurm-Kassen der kathol. Kirchen zu Jakobskirche, Nilbau und Hermsdorf <\/td><td class=\"column-4\"><\/td><td class=\"column-5\">1850<\/td><td class=\"column-6\">1891<\/td><td class=\"column-7\"><\/td><td class=\"column-8\">ksi\u0119ga<\/td><td class=\"column-9\"><\/td><td class=\"column-10\">225x350<\/td><td class=\"column-11\">niem<\/td><td class=\"column-12\">5; 15; II<\/td><td class=\"column-13\">AP Jakub\u00f3w<\/td>\n<\/tr>\n<tr class=\"row-23 odd\">\n\t<td class=\"column-1\">PJak-kat 22<\/td><td class=\"column-2\">Parafia rzymskokatolicka Jakub\u00f3w (Jakobskirch)<\/td><td class=\"column-3\">Kirchen-Rechnung von Jacobskirch<\/td><td class=\"column-4\"><\/td><td class=\"column-5\">1857<\/td><td class=\"column-6\">1884<\/td><td class=\"column-7\"><\/td><td class=\"column-8\">ksi\u0119ga<\/td><td class=\"column-9\"><\/td><td class=\"column-10\">245x380<\/td><td class=\"column-11\">niem<\/td><td class=\"column-12\">II 5<\/td><td class=\"column-13\">AP Jakub\u00f3w<\/td>\n<\/tr>\n<tr class=\"row-24 even\">\n\t<td class=\"column-1\">PJak-kat 23<\/td><td class=\"column-2\">Parafia rzymskokatolicka Jakub\u00f3w (Jakobskirch)<\/td><td class=\"column-3\">Kirchhof-Kasse zu Jacobskirch<\/td><td class=\"column-4\"><\/td><td class=\"column-5\">1871<\/td><td class=\"column-6\">1884<\/td><td class=\"column-7\"><\/td><td class=\"column-8\">ksi\u0119ga<\/td><td class=\"column-9\"><\/td><td class=\"column-10\">210x320<\/td><td class=\"column-11\">niem<\/td><td class=\"column-12\">18; 29<\/td><td class=\"column-13\">AP Jakub\u00f3w<\/td>\n<\/tr>\n<\/tbody>\n<\/table>\n<!-- #tablepress-247 from cache -->\n","protected":false},"excerpt":{"rendered":"","protected":false},"author":1,"featured_media":0,"parent":46,"menu_order":0,"comment_status":"closed","ping_status":"closed","template":"","meta":{"ngg_post_thumbnail":0},"_links":{"self":[{"href":"https:\/\/archiwum.diecezjazg.pl\/index.php\/wp-json\/wp\/v2\/pages\/1523"}],"collection":[{"href":"https:\/\/archiwum.diecezjazg.pl\/index.php\/wp-json\/wp\/v2\/pages"}],"about":[{"href":"https:\/\/archiwum.diecezjazg.pl\/index.php\/wp-json\/wp\/v2\/types\/page"}],"author":[{"embeddable":true,"href":"https:\/\/archiwum.diecezjazg.pl\/index.php\/wp-json\/wp\/v2\/users\/1"}],"replies":[{"embeddable":true,"href":"https:\/\/archiwum.diecezjazg.pl\/index.php\/wp-json\/wp\/v2\/comments?post=1523"}],"version-history":[{"count":1,"href":"https:\/\/archiwum.diecezjazg.pl\/index.php\/wp-json\/wp\/v2\/pages\/1523\/revisions"}],"predecessor-version":[{"id":1524,"href":"https:\/\/archiwum.diecezjazg.pl\/index.php\/wp-json\/wp\/v2\/pages\/1523\/revisions\/1524"}],"up":[{"embeddable":true,"href":"https:\/\/archiwum.diecezjazg.pl\/index.php\/wp-json\/wp\/v2\/pages\/46"}],"wp:attachment":[{"href":"https:\/\/archiwum.diecezjazg.pl\/index.php\/wp-json\/wp\/v2\/media?parent=1523"}],"curies":[{"name":"wp","href":"https:\/\/api.w.org\/{rel}","templated":true}]}}