{"id":1490,"date":"2017-09-26T15:39:50","date_gmt":"2017-09-26T13:39:50","guid":{"rendered":"http:\/\/www.archiwum.diecezjazg.pl\/?page_id=1490"},"modified":"2017-09-26T15:39:50","modified_gmt":"2017-09-26T13:39:50","slug":"akta-parafii-katolickiej-glogow-kolegiata-glogau-zespol-101-sygnatura-pgk-kat","status":"publish","type":"page","link":"https:\/\/archiwum.diecezjazg.pl\/index.php\/zasoby-archiwalne\/akta-parafii-katolickiej-glogow-kolegiata-glogau-zespol-101-sygnatura-pgk-kat\/","title":{"rendered":"Akta parafii katolickiej G\u0142og\u00f3w Kolegiata Glogau, zesp\u00f3\u0142 101, sygnatura PGK-kat"},"content":{"rendered":"\n<table id=\"tablepress-231\" class=\"tablepress tablepress-id-231\">\n<thead>\n<tr class=\"row-1 odd\">\n\t<th class=\"column-1\">Sygn<\/th><th class=\"column-2\">Zesp\u00f3\u0142 101<\/th><th class=\"column-3\">Tytu\u0142<\/th><th class=\"column-4\">Rok_ant<\/th><th class=\"column-5\">Rok_p<\/th><th class=\"column-6\">Rok_k<\/th><th class=\"column-7\">Rok_pos<\/th><th class=\"column-8\">Opis_fizyczny<\/th><th class=\"column-9\">ilo\u015b\u0107 stron<\/th><th class=\"column-10\">wymiar<\/th><th class=\"column-11\">j\u0119zyk<\/th><th class=\"column-12\">Sygnatury dawne<\/th><th class=\"column-13\">Uwagi<\/th>\n<\/tr>\n<\/thead>\n<tbody class=\"row-hover\">\n<tr class=\"row-2 even\">\n\t<td class=\"column-1\">PGK-kat 1<\/td><td class=\"column-2\">Parafia rzymskokatolicka (WNMP-Kolegiata) G\u0142og\u00f3w (Dompfarrei St.Maria-Glogau)<\/td><td class=\"column-3\">Liber Baptizatorum <\/td><td class=\"column-4\"><\/td><td class=\"column-5\">1794<\/td><td class=\"column-6\">1828<\/td><td class=\"column-7\"><\/td><td class=\"column-8\">ksi\u0119ga<\/td><td class=\"column-9\">558<\/td><td class=\"column-10\"><\/td><td class=\"column-11\">niem<\/td><td class=\"column-12\">III\/1<\/td><td class=\"column-13\"><\/td>\n<\/tr>\n<tr class=\"row-3 odd\">\n\t<td class=\"column-1\">PGK-kat 2<\/td><td class=\"column-2\">Parafia rzymskokatolicka (WNMP-Kolegiata) G\u0142og\u00f3w (Dompfarrei St.Maria-Glogau)<\/td><td class=\"column-3\">Liber Baptizatorum <\/td><td class=\"column-4\"><\/td><td class=\"column-5\">1829<\/td><td class=\"column-6\">1850<\/td><td class=\"column-7\"><\/td><td class=\"column-8\">ksi\u0119ga<\/td><td class=\"column-9\">377<\/td><td class=\"column-10\"><\/td><td class=\"column-11\">niem<\/td><td class=\"column-12\">III\/2<\/td><td class=\"column-13\">brak przedniej ok\u0142adki<\/td>\n<\/tr>\n<tr class=\"row-4 even\">\n\t<td class=\"column-1\">PGK-kat 3<\/td><td class=\"column-2\">Parafia rzymskokatolicka (WNMP-Kolegiata) G\u0142og\u00f3w (Dompfarrei St.Maria-Glogau)<\/td><td class=\"column-3\">Duplikat. Nachweisung ueber Geborenen und Getauften bei ... Dompfarrkirche zu Glogau... Dom Lerchenberg, Zerbau und Oberau in den Ja<\/td><td class=\"column-4\"><\/td><td class=\"column-5\">1845<\/td><td class=\"column-6\">1871<\/td><td class=\"column-7\"><\/td><td class=\"column-8\">ksi\u0119ga<\/td><td class=\"column-9\">483<\/td><td class=\"column-10\"><\/td><td class=\"column-11\">niem<\/td><td class=\"column-12\"><\/td><td class=\"column-13\">G\u0142og\u00f3w, Serby, Obora<\/td>\n<\/tr>\n<tr class=\"row-5 odd\">\n\t<td class=\"column-1\">PGK-kat 4<\/td><td class=\"column-2\">Parafia rzymskokatolicka (WNMP-Kolegiata) G\u0142og\u00f3w (Dompfarrei St.Maria-Glogau)<\/td><td class=\"column-3\">Duplikat. Tauf:Buch der Geborenen vom Dom Glogau, Oberau, Lerchenberg und Zerbau. Pro Jahr 1872 [do 1882]<\/td><td class=\"column-4\"><\/td><td class=\"column-5\">1872<\/td><td class=\"column-6\">1882<\/td><td class=\"column-7\"><\/td><td class=\"column-8\">ksi\u0119ga<\/td><td class=\"column-9\">385<\/td><td class=\"column-10\"><\/td><td class=\"column-11\">niem<\/td><td class=\"column-12\"><\/td><td class=\"column-13\">G\u0142og\u00f3w, Serby, Obora<\/td>\n<\/tr>\n<tr class=\"row-6 even\">\n\t<td class=\"column-1\">PGK-kat 5<\/td><td class=\"column-2\">Parafia rzymskokatolicka (WNMP-Kolegiata) G\u0142og\u00f3w (Dompfarrei St.Maria-Glogau)<\/td><td class=\"column-3\">Duplikat. Tauf:Buch der Geborenen vom Dom, Lerchenberg, Zerbau, Oberau und . Pro Jahr 1883-1897<\/td><td class=\"column-4\"><\/td><td class=\"column-5\">1883<\/td><td class=\"column-6\">1896<\/td><td class=\"column-7\"><\/td><td class=\"column-8\">ksi\u0119ga<\/td><td class=\"column-9\">354<\/td><td class=\"column-10\"><\/td><td class=\"column-11\">niem<\/td><td class=\"column-12\"><\/td><td class=\"column-13\">G\u0142og\u00f3w, Serby, Obora<\/td>\n<\/tr>\n<tr class=\"row-7 odd\">\n\t<td class=\"column-1\">PGK-kat 6<\/td><td class=\"column-2\">Parafia rzymskokatolicka (WNMP-Kolegiata) G\u0142og\u00f3w (Dompfarrei St.Maria-Glogau)<\/td><td class=\"column-3\">Duplikat. Tauf=Buch vom Jahre 1897-1915<\/td><td class=\"column-4\"><\/td><td class=\"column-5\">1897<\/td><td class=\"column-6\">1915<\/td><td class=\"column-7\"><\/td><td class=\"column-8\">ksi\u0119ga<\/td><td class=\"column-9\">brak pag.<\/td><td class=\"column-10\"><\/td><td class=\"column-11\">niem<\/td><td class=\"column-12\"><\/td><td class=\"column-13\"><\/td>\n<\/tr>\n<tr class=\"row-8 even\">\n\t<td class=\"column-1\">PGK-kat 7<\/td><td class=\"column-2\">Parafia rzymskokatolicka (WNMP-Kolegiata) G\u0142og\u00f3w (Dompfarrei St.Maria-Glogau)<\/td><td class=\"column-3\">Domkirche zu Glogau. Taufbuch 12 September 1926 <\/td><td class=\"column-4\"><\/td><td class=\"column-5\">1926<\/td><td class=\"column-6\">1946<\/td><td class=\"column-7\"><\/td><td class=\"column-8\">ksi\u0119ga<\/td><td class=\"column-9\">170<\/td><td class=\"column-10\"><\/td><td class=\"column-11\">niem<\/td><td class=\"column-12\"><\/td><td class=\"column-13\">1946 do nr 5 (22.4.1946)<\/td>\n<\/tr>\n<tr class=\"row-9 odd\">\n\t<td class=\"column-1\">PGK-kat 8<\/td><td class=\"column-2\">Parafia rzymskokatolicka (WNMP-Kolegiata) G\u0142og\u00f3w (Dompfarrei St.Maria-Glogau)<\/td><td class=\"column-3\">Liber Copulatorum ab Anno 1793 inclusive 1839<\/td><td class=\"column-4\"><\/td><td class=\"column-5\">1793<\/td><td class=\"column-6\">1839<\/td><td class=\"column-7\"><\/td><td class=\"column-8\">ksi\u0119ga<\/td><td class=\"column-9\">281<\/td><td class=\"column-10\"><\/td><td class=\"column-11\">niem<\/td><td class=\"column-12\">III\/2<\/td><td class=\"column-13\"><\/td>\n<\/tr>\n<tr class=\"row-10 even\">\n\t<td class=\"column-1\">PGK-kat 9<\/td><td class=\"column-2\">Parafia rzymskokatolicka (WNMP-Kolegiata) G\u0142og\u00f3w (Dompfarrei St.Maria-Glogau)<\/td><td class=\"column-3\">Copulations=Register bei der Dom=Pfarrkirche zu Glogau vom Jahr 1840 bis 1885<\/td><td class=\"column-4\"><\/td><td class=\"column-5\">1840<\/td><td class=\"column-6\">1884<\/td><td class=\"column-7\"><\/td><td class=\"column-8\">ksi\u0119ga<\/td><td class=\"column-9\">301<\/td><td class=\"column-10\"><\/td><td class=\"column-11\">niem<\/td><td class=\"column-12\">III\/2<\/td><td class=\"column-13\"><\/td>\n<\/tr>\n<tr class=\"row-11 odd\">\n\t<td class=\"column-1\">PGK-kat 10<\/td><td class=\"column-2\">Parafia rzymskokatolicka (WNMP-Kolegiata) G\u0142og\u00f3w (Dompfarrei St.Maria-Glogau)<\/td><td class=\"column-3\">Duplikat. Nachweisung Getrauten bei der Dompfarrkirche zu Glogau vom Dom, Lerchenberg, Zerbau und Oberau in den Jahren 1845-1884<\/td><td class=\"column-4\"><\/td><td class=\"column-5\">1845<\/td><td class=\"column-6\">1883<\/td><td class=\"column-7\"><\/td><td class=\"column-8\">ksi\u0119ga<\/td><td class=\"column-9\">257<\/td><td class=\"column-10\"><\/td><td class=\"column-11\">niem<\/td><td class=\"column-12\"><\/td><td class=\"column-13\">G\u0142og\u00f3w, Serby, Obora. Ksi\u0119ga zniszczona<\/td>\n<\/tr>\n<tr class=\"row-12 even\">\n\t<td class=\"column-1\">PGK-kat 11<\/td><td class=\"column-2\">Parafia rzymskokatolicka (WNMP-Kolegiata) G\u0142og\u00f3w (Dompfarrei St.Maria-Glogau)<\/td><td class=\"column-3\">Traubuch. Dompfarrei Glogau<\/td><td class=\"column-4\"><\/td><td class=\"column-5\">1934<\/td><td class=\"column-6\">1946<\/td><td class=\"column-7\"><\/td><td class=\"column-8\">ksi\u0119ga<\/td><td class=\"column-9\">42<\/td><td class=\"column-10\"><\/td><td class=\"column-11\">niem<\/td><td class=\"column-12\">III\/2<\/td><td class=\"column-13\">1946 do nr 2 (27 Oktober 1946)<\/td>\n<\/tr>\n<tr class=\"row-13 odd\">\n\t<td class=\"column-1\">PGK-kat 12<\/td><td class=\"column-2\">Parafia rzymskokatolicka (WNMP-Kolegiata) G\u0142og\u00f3w (Dompfarrei St.Maria-Glogau)<\/td><td class=\"column-3\">Traubuch <\/td><td class=\"column-4\"><\/td><td class=\"column-5\">1935<\/td><td class=\"column-6\">1944<\/td><td class=\"column-7\"><\/td><td class=\"column-8\">ksi\u0119ga<\/td><td class=\"column-9\">44<\/td><td class=\"column-10\"><\/td><td class=\"column-11\">niem<\/td><td class=\"column-12\"><\/td><td class=\"column-13\"><\/td>\n<\/tr>\n<tr class=\"row-14 even\">\n\t<td class=\"column-1\">PGK-kat 13<\/td><td class=\"column-2\">Parafia rzymskokatolicka (WNMP-Kolegiata) G\u0142og\u00f3w (Dompfarrei St.Maria-Glogau)<\/td><td class=\"column-3\">Liber Mortuorum ab anno 1774<\/td><td class=\"column-4\"><\/td><td class=\"column-5\">1774<\/td><td class=\"column-6\">1832<\/td><td class=\"column-7\"><\/td><td class=\"column-8\">ksi\u0119ga<\/td><td class=\"column-9\">550<\/td><td class=\"column-10\"><\/td><td class=\"column-11\">niem<\/td><td class=\"column-12\"><\/td><td class=\"column-13\">brak tylnej ok\u0142adki<\/td>\n<\/tr>\n<tr class=\"row-15 odd\">\n\t<td class=\"column-1\">PGK-kat 14<\/td><td class=\"column-2\">Parafia rzymskokatolicka (WNMP-Kolegiata) G\u0142og\u00f3w (Dompfarrei St.Maria-Glogau)<\/td><td class=\"column-3\">Liber Mortuorum ab anno 1832<\/td><td class=\"column-4\"><\/td><td class=\"column-5\">1832<\/td><td class=\"column-6\">1869<\/td><td class=\"column-7\"><\/td><td class=\"column-8\">ksi\u0119ga<\/td><td class=\"column-9\">403<\/td><td class=\"column-10\"><\/td><td class=\"column-11\">niem<\/td><td class=\"column-12\"><\/td><td class=\"column-13\"><\/td>\n<\/tr>\n<tr class=\"row-16 even\">\n\t<td class=\"column-1\">PGK-kat 15<\/td><td class=\"column-2\">Parafia rzymskokatolicka (WNMP-Kolegiata) G\u0142og\u00f3w (Dompfarrei St.Maria-Glogau)<\/td><td class=\"column-3\">Duplikat. Nachweisung der Gestorbenen und Begrabenen bei der Katholischen Dompfarrkirche zu Glogau vom Dom, Lerchenberg, Zerbau und Oberau in den Jahren 1844 bis incl. 1883<\/td><td class=\"column-4\"><\/td><td class=\"column-5\">1844<\/td><td class=\"column-6\">1883<\/td><td class=\"column-7\"><\/td><td class=\"column-8\">ksi\u0119ga<\/td><td class=\"column-9\">390<\/td><td class=\"column-10\"><\/td><td class=\"column-11\">niem<\/td><td class=\"column-12\"><\/td><td class=\"column-13\">G\u0142og\u00f3w, Serby, Obora<\/td>\n<\/tr>\n<tr class=\"row-17 odd\">\n\t<td class=\"column-1\">PGK-kat 16<\/td><td class=\"column-2\">Parafia rzymskokatolicka (WNMP-Kolegiata) G\u0142og\u00f3w (Dompfarrei St.Maria-Glogau)<\/td><td class=\"column-3\">Gestorbene<\/td><td class=\"column-4\"><\/td><td class=\"column-5\">1884<\/td><td class=\"column-6\">1915<\/td><td class=\"column-7\"><\/td><td class=\"column-8\">ksi\u0119ga<\/td><td class=\"column-9\">brak pag.<\/td><td class=\"column-10\"><\/td><td class=\"column-11\">niem<\/td><td class=\"column-12\"><\/td><td class=\"column-13\"><\/td>\n<\/tr>\n<tr class=\"row-18 even\">\n\t<td class=\"column-1\">PGK-kat 17<\/td><td class=\"column-2\">Parafia rzymskokatolicka (WNMP-Kolegiata) G\u0142og\u00f3w (Dompfarrei St.Maria-Glogau)<\/td><td class=\"column-3\">Liber Mortuorum ab Anno 1899 der Dompfarrkirche in Glogau<\/td><td class=\"column-4\"><\/td><td class=\"column-5\">1899<\/td><td class=\"column-6\">1947<\/td><td class=\"column-7\"><\/td><td class=\"column-8\">ksi\u0119ga<\/td><td class=\"column-9\">brak pag.<\/td><td class=\"column-10\"><\/td><td class=\"column-11\">niem, \u0142ac<\/td><td class=\"column-12\"><\/td><td class=\"column-13\">1947 do nr 2 (6 Juli 1947)<\/td>\n<\/tr>\n<tr class=\"row-19 odd\">\n\t<td class=\"column-1\">PGK-kat 18<\/td><td class=\"column-2\">Parafia rzymskokatolicka (WNMP-Kolegiata) G\u0142og\u00f3w (Dompfarrei St.Maria-Glogau)<\/td><td class=\"column-3\">Lu\u017ane dokumenty wyj\u0119te z ksi\u0105g metrykalnych par. Kolegiaty w G\u0142ogowie<\/td><td class=\"column-4\"><\/td><td class=\"column-5\">1847<\/td><td class=\"column-6\">1903<\/td><td class=\"column-7\"><\/td><td class=\"column-8\">akta lu\u017ane<\/td><td class=\"column-9\">brak pag.<\/td><td class=\"column-10\"><\/td><td class=\"column-11\">niem<\/td><td class=\"column-12\"><\/td><td class=\"column-13\"><\/td>\n<\/tr>\n<tr class=\"row-20 even\">\n\t<td class=\"column-1\">PGK-kat 19<\/td><td class=\"column-2\">Parafia rzymskokatolicka (WNMP-Kolegiata) G\u0142og\u00f3w (Dompfarrei St.Maria-Glogau)<\/td><td class=\"column-3\">Verzeichniss der Grabplatten auf dem Kath. Domfriedhof Glogau Ksi\u0119ga cmentarna katolickiej parafii<\/td><td class=\"column-4\"><\/td><td class=\"column-5\">1887<\/td><td class=\"column-6\">1945<\/td><td class=\"column-7\"><\/td><td class=\"column-8\">ksi\u0119ga<\/td><td class=\"column-9\">brak pag.<\/td><td class=\"column-10\"><\/td><td class=\"column-11\">niem<\/td><td class=\"column-12\"><\/td><td class=\"column-13\"><\/td>\n<\/tr>\n<tr class=\"row-21 odd\">\n\t<td class=\"column-1\">PGK-kat 20<\/td><td class=\"column-2\">Parafia rzymskokatolicka (WNMP-Kolegiata) G\u0142og\u00f3w (Dompfarrei St.Maria-Glogau)<\/td><td class=\"column-3\">Matrikel\u2026 Ksi\u0119ga parafii kolegiackiej z opisem altarii, fundacji, dekanat\u00f3w\u2026<\/td><td class=\"column-4\"><\/td><td class=\"column-5\">1642<\/td><td class=\"column-6\">1788<\/td><td class=\"column-7\"><\/td><td class=\"column-8\">ksi\u0119ga<\/td><td class=\"column-9\">brak pag.<\/td><td class=\"column-10\">230x340<\/td><td class=\"column-11\">niem<\/td><td class=\"column-12\"><\/td><td class=\"column-13\"><\/td>\n<\/tr>\n<\/tbody>\n<\/table>\n<!-- #tablepress-231 from cache -->\n","protected":false},"excerpt":{"rendered":"","protected":false},"author":1,"featured_media":0,"parent":46,"menu_order":0,"comment_status":"closed","ping_status":"closed","template":"","meta":{"ngg_post_thumbnail":0},"_links":{"self":[{"href":"https:\/\/archiwum.diecezjazg.pl\/index.php\/wp-json\/wp\/v2\/pages\/1490"}],"collection":[{"href":"https:\/\/archiwum.diecezjazg.pl\/index.php\/wp-json\/wp\/v2\/pages"}],"about":[{"href":"https:\/\/archiwum.diecezjazg.pl\/index.php\/wp-json\/wp\/v2\/types\/page"}],"author":[{"embeddable":true,"href":"https:\/\/archiwum.diecezjazg.pl\/index.php\/wp-json\/wp\/v2\/users\/1"}],"replies":[{"embeddable":true,"href":"https:\/\/archiwum.diecezjazg.pl\/index.php\/wp-json\/wp\/v2\/comments?post=1490"}],"version-history":[{"count":1,"href":"https:\/\/archiwum.diecezjazg.pl\/index.php\/wp-json\/wp\/v2\/pages\/1490\/revisions"}],"predecessor-version":[{"id":1491,"href":"https:\/\/archiwum.diecezjazg.pl\/index.php\/wp-json\/wp\/v2\/pages\/1490\/revisions\/1491"}],"up":[{"embeddable":true,"href":"https:\/\/archiwum.diecezjazg.pl\/index.php\/wp-json\/wp\/v2\/pages\/46"}],"wp:attachment":[{"href":"https:\/\/archiwum.diecezjazg.pl\/index.php\/wp-json\/wp\/v2\/media?parent=1490"}],"curies":[{"name":"wp","href":"https:\/\/api.w.org\/{rel}","templated":true}]}}