{"id":1450,"date":"2017-09-26T10:57:50","date_gmt":"2017-09-26T08:57:50","guid":{"rendered":"http:\/\/www.archiwum.diecezjazg.pl\/?page_id=1450"},"modified":"2017-09-26T10:58:07","modified_gmt":"2017-09-26T08:58:07","slug":"akta-parafii-katolickiej-brzeg-glogowski-brieg-k-glogau-zespol-82-sygnatura-pbg-kat","status":"publish","type":"page","link":"https:\/\/archiwum.diecezjazg.pl\/index.php\/zasoby-archiwalne\/akta-parafii-katolickiej-brzeg-glogowski-brieg-k-glogau-zespol-82-sygnatura-pbg-kat\/","title":{"rendered":"Akta parafii katolickiej Brzeg G\u0142ogowski Brieg K. Glogau, zesp\u00f3\u0142 82, sygnatura PBG-kat"},"content":{"rendered":"\n<table id=\"tablepress-212\" class=\"tablepress tablepress-id-212\">\n<thead>\n<tr class=\"row-1 odd\">\n\t<th class=\"column-1\">Sygn<\/th><th class=\"column-2\">Zesp\u00f3\u0142 82<\/th><th class=\"column-3\">Tytu\u0142<\/th><th class=\"column-4\">Rok_ant<\/th><th class=\"column-5\">Rok_p<\/th><th class=\"column-6\">Rok_k<\/th><th class=\"column-7\">Rok_pos<\/th><th class=\"column-8\">Opis_fizyczny<\/th><th class=\"column-9\">ilo\u015b\u0107 stron<\/th><th class=\"column-10\">wymiar<\/th><th class=\"column-11\">j\u0119zyk<\/th><th class=\"column-12\">Sygnatury dawne<\/th><th class=\"column-13\">Uwagi<\/th>\n<\/tr>\n<\/thead>\n<tbody class=\"row-hover\">\n<tr class=\"row-2 even\">\n\t<td class=\"column-1\">PBG-kat 1<\/td><td class=\"column-2\">Parafia rzymskokatolicka Brzeg G\u0142ogowski (Brieg Kr. Glogau)<\/td><td class=\"column-3\">Taufbuch<\/td><td class=\"column-4\"><\/td><td class=\"column-5\">1906<\/td><td class=\"column-6\">1948<\/td><td class=\"column-7\"><\/td><td class=\"column-8\">ksi\u0119ga<\/td><td class=\"column-9\"><\/td><td class=\"column-10\">250x380<\/td><td class=\"column-11\">niem, pol<\/td><td class=\"column-12\">III 12<\/td><td class=\"column-13\">AP Brzeg G\u0142ogowski<\/td>\n<\/tr>\n<tr class=\"row-3 odd\">\n\t<td class=\"column-1\">PBG-kat 2<\/td><td class=\"column-2\">Parafia rzymskokatolicka Brzeg G\u0142ogowski (Brieg Kr. Glogau)<\/td><td class=\"column-3\">[Ksi\u0119ga zmar\u0142ych]<\/td><td class=\"column-4\"><\/td><td class=\"column-5\">1831<\/td><td class=\"column-6\">1948<\/td><td class=\"column-7\"><\/td><td class=\"column-8\">ksi\u0119ga<\/td><td class=\"column-9\"><\/td><td class=\"column-10\">240x360<\/td><td class=\"column-11\">niem, pol<\/td><td class=\"column-12\">III 9<\/td><td class=\"column-13\">AP Brzeg G\u0142ogowski<\/td>\n<\/tr>\n<tr class=\"row-4 even\">\n\t<td class=\"column-1\">PBG-kat 3<\/td><td class=\"column-2\">Parafia rzymskokatolicka Brzeg G\u0142ogowski (Brieg Kr. Glogau)<\/td><td class=\"column-3\">Froebel-Capellen und Fundations-Register<\/td><td class=\"column-4\"><\/td><td class=\"column-5\">1809<\/td><td class=\"column-6\">1906<\/td><td class=\"column-7\"><\/td><td class=\"column-8\">ksi\u0119ga<\/td><td class=\"column-9\"><\/td><td class=\"column-10\">240x370<\/td><td class=\"column-11\">niem<\/td><td class=\"column-12\">V 8<\/td><td class=\"column-13\">AP Brzeg G\u0142ogowski<\/td>\n<\/tr>\n<tr class=\"row-5 odd\">\n\t<td class=\"column-1\">PBG-kat 4<\/td><td class=\"column-2\">Parafia rzymskokatolicka Brzeg G\u0142ogowski (Brieg Kr. Glogau)<\/td><td class=\"column-3\">Froebel-Capellen und Fundations-Register [za\u0142\u0105czniki]<\/td><td class=\"column-4\"><\/td><td class=\"column-5\">1703<\/td><td class=\"column-6\">1870<\/td><td class=\"column-7\"><\/td><td class=\"column-8\">akta lu\u017ane<\/td><td class=\"column-9\"><\/td><td class=\"column-10\">250x390<\/td><td class=\"column-11\">niem<\/td><td class=\"column-12\"><\/td><td class=\"column-13\">AP Brzeg G\u0142ogowski<\/td>\n<\/tr>\n<tr class=\"row-6 even\">\n\t<td class=\"column-1\">PBG-kat 5<\/td><td class=\"column-2\">Parafia rzymskokatolicka Brzeg G\u0142ogowski (Brieg Kr. Glogau)<\/td><td class=\"column-3\">Rechnungsakten. Notate. Annaberg I. Teil<\/td><td class=\"column-4\"><\/td><td class=\"column-5\">1857<\/td><td class=\"column-6\">1875<\/td><td class=\"column-7\"><\/td><td class=\"column-8\">poszyt<\/td><td class=\"column-9\"><\/td><td class=\"column-10\">230x380<\/td><td class=\"column-11\">niem<\/td><td class=\"column-12\">G7<\/td><td class=\"column-13\">AP Brzeg G\u0142ogowski<\/td>\n<\/tr>\n<tr class=\"row-7 odd\">\n\t<td class=\"column-1\">PBG-kat 6<\/td><td class=\"column-2\">Parafia rzymskokatolicka Brzeg G\u0142ogowski (Brieg Kr. Glogau)<\/td><td class=\"column-3\">[Korespondencja wyj\u0119ta z ksi\u0105g metrykalnych]<\/td><td class=\"column-4\"><\/td><td class=\"column-5\">1905<\/td><td class=\"column-6\">1988<\/td><td class=\"column-7\"><\/td><td class=\"column-8\">akta lu\u017ane<\/td><td class=\"column-9\"><\/td><td class=\"column-10\">220x315<\/td><td class=\"column-11\">niem<\/td><td class=\"column-12\"><\/td><td class=\"column-13\">AP Brzeg G\u0142ogowski<\/td>\n<\/tr>\n<\/tbody>\n<\/table>\n<!-- #tablepress-212 from cache -->\n","protected":false},"excerpt":{"rendered":"","protected":false},"author":1,"featured_media":0,"parent":46,"menu_order":0,"comment_status":"closed","ping_status":"closed","template":"","meta":{"ngg_post_thumbnail":0},"_links":{"self":[{"href":"https:\/\/archiwum.diecezjazg.pl\/index.php\/wp-json\/wp\/v2\/pages\/1450"}],"collection":[{"href":"https:\/\/archiwum.diecezjazg.pl\/index.php\/wp-json\/wp\/v2\/pages"}],"about":[{"href":"https:\/\/archiwum.diecezjazg.pl\/index.php\/wp-json\/wp\/v2\/types\/page"}],"author":[{"embeddable":true,"href":"https:\/\/archiwum.diecezjazg.pl\/index.php\/wp-json\/wp\/v2\/users\/1"}],"replies":[{"embeddable":true,"href":"https:\/\/archiwum.diecezjazg.pl\/index.php\/wp-json\/wp\/v2\/comments?post=1450"}],"version-history":[{"count":1,"href":"https:\/\/archiwum.diecezjazg.pl\/index.php\/wp-json\/wp\/v2\/pages\/1450\/revisions"}],"predecessor-version":[{"id":1451,"href":"https:\/\/archiwum.diecezjazg.pl\/index.php\/wp-json\/wp\/v2\/pages\/1450\/revisions\/1451"}],"up":[{"embeddable":true,"href":"https:\/\/archiwum.diecezjazg.pl\/index.php\/wp-json\/wp\/v2\/pages\/46"}],"wp:attachment":[{"href":"https:\/\/archiwum.diecezjazg.pl\/index.php\/wp-json\/wp\/v2\/media?parent=1450"}],"curies":[{"name":"wp","href":"https:\/\/api.w.org\/{rel}","templated":true}]}}