{"id":1440,"date":"2017-09-26T10:51:50","date_gmt":"2017-09-26T08:51:50","guid":{"rendered":"http:\/\/www.archiwum.diecezjazg.pl\/?page_id=1440"},"modified":"2017-09-26T10:51:50","modified_gmt":"2017-09-26T08:51:50","slug":"akta-parafii-katolickiej-borow-wielki-grossenbohrau-zespol-77-sygnatura-pbor-kat","status":"publish","type":"page","link":"https:\/\/archiwum.diecezjazg.pl\/index.php\/zasoby-archiwalne\/akta-parafii-katolickiej-borow-wielki-grossenbohrau-zespol-77-sygnatura-pbor-kat\/","title":{"rendered":"Akta parafii katolickiej Bor\u00f3w Wielki Grossenbohrau, zesp\u00f3\u0142 77, sygnatura PBor-kat"},"content":{"rendered":"\n<table id=\"tablepress-27\" class=\"tablepress tablepress-id-27\">\n<thead>\n<tr class=\"row-1 odd\">\n\t<th class=\"column-1\"> <\/th><th class=\"column-2\">Zesp\u00f3\u0142 77<\/th><th class=\"column-3\">Tytu\u0142<\/th><th class=\"column-4\">Rok_ant<\/th><th class=\"column-5\">Rok_p<\/th><th class=\"column-6\">Rok_k<\/th><th class=\"column-7\">Rok_pos<\/th><th class=\"column-8\">Opis_fizyczny<\/th><th class=\"column-9\">ilo\u015b\u0107 stron<\/th><th class=\"column-10\">wymiar<\/th><th class=\"column-11\">j\u0119zyk<\/th><th class=\"column-12\">Sygnatury dawne<\/th><th class=\"column-13\">Uwagi<\/th>\n<\/tr>\n<\/thead>\n<tbody class=\"row-hover\">\n<tr class=\"row-2 even\">\n\t<td class=\"column-1\">Pbor-kat 1<\/td><td class=\"column-2\">Parafia rzymskokatolicka Bor\u00f3w Wielki (Grossenbohrau)<\/td><td class=\"column-3\">Commissions Acten des Erzpriester  Heinrich zu Grossenbohrau die Hartmansdorfer Gemeindetseilung betreffend<\/td><td class=\"column-4\"><\/td><td class=\"column-5\">1828<\/td><td class=\"column-6\">1856<\/td><td class=\"column-7\"><\/td><td class=\"column-8\">poszyt<\/td><td class=\"column-9\"><\/td><td class=\"column-10\">brak pag.<\/td><td class=\"column-11\">niem<\/td><td class=\"column-12\"><\/td><td class=\"column-13\">Akta by\u0142y przechowywane w parafii pw. \u015bw. Micha\u0142a w Nowej Soli<\/td>\n<\/tr>\n<tr class=\"row-3 odd\">\n\t<td class=\"column-1\">Pbor-kat 2<\/td><td class=\"column-2\">Parafia rzymskokatolicka Bor\u00f3w Wielki (Grossenbohrau)<\/td><td class=\"column-3\">Commissions Acten des Erzpriester  Heinrich zu Grossenbohrau... <\/td><td class=\"column-4\"><\/td><td class=\"column-5\">1832<\/td><td class=\"column-6\">1844<\/td><td class=\"column-7\"><\/td><td class=\"column-8\">poszyt<\/td><td class=\"column-9\"><\/td><td class=\"column-10\">brak pag.<\/td><td class=\"column-11\">niem<\/td><td class=\"column-12\"><\/td><td class=\"column-13\">Akta by\u0142y przechowywane w parafii pw. \u015bw. Micha\u0142a w Nowej Soli<\/td>\n<\/tr>\n<tr class=\"row-4 even\">\n\t<td class=\"column-1\">Pbor-kat 3<\/td><td class=\"column-2\">Parafia rzymskokatolicka Bor\u00f3w Wielki (Grossenbohrau)<\/td><td class=\"column-3\">Commissions Acten des Erzpriester  Heinrich zu Grossenbohrau... <\/td><td class=\"column-4\"><\/td><td class=\"column-5\">1835<\/td><td class=\"column-6\">1855<\/td><td class=\"column-7\"><\/td><td class=\"column-8\">poszyt<\/td><td class=\"column-9\"><\/td><td class=\"column-10\">brak pag.<\/td><td class=\"column-11\">niem<\/td><td class=\"column-12\"><\/td><td class=\"column-13\">Akta by\u0142y przechowywane w parafii pw. \u015bw. Micha\u0142a w Nowej Soli<\/td>\n<\/tr>\n<tr class=\"row-5 odd\">\n\t<td class=\"column-1\">Pbor-kat 4<\/td><td class=\"column-2\">Parafia rzymskokatolicka Bor\u00f3w Wielki (Grossenbohrau)<\/td><td class=\"column-3\">Commissions Acten des Erzpriester  Heinrich zu Grossenbohrau... <\/td><td class=\"column-4\"><\/td><td class=\"column-5\">1838<\/td><td class=\"column-6\">1846<\/td><td class=\"column-7\"><\/td><td class=\"column-8\">poszyt<\/td><td class=\"column-9\"><\/td><td class=\"column-10\">brak pag.<\/td><td class=\"column-11\">niem<\/td><td class=\"column-12\"><\/td><td class=\"column-13\">Akta by\u0142y przechowywane w parafii pw. \u015bw. Micha\u0142a w Nowej Soli<\/td>\n<\/tr>\n<tr class=\"row-6 even\">\n\t<td class=\"column-1\">Pbor-kat 5<\/td><td class=\"column-2\">Parafia rzymskokatolicka Bor\u00f3w Wielki (Grossenbohrau)<\/td><td class=\"column-3\">Commissions Acten des Erzpriester  Heinrich zu Grossenbohrau... <\/td><td class=\"column-4\"><\/td><td class=\"column-5\">1841<\/td><td class=\"column-6\">1851<\/td><td class=\"column-7\"><\/td><td class=\"column-8\">poszyt<\/td><td class=\"column-9\"><\/td><td class=\"column-10\">brak pag.<\/td><td class=\"column-11\">niem<\/td><td class=\"column-12\"><\/td><td class=\"column-13\">Akta by\u0142y przechowywane w parafii pw. \u015bw. Micha\u0142a w Nowej Soli<\/td>\n<\/tr>\n<tr class=\"row-7 odd\">\n\t<td class=\"column-1\">Pbor-kat 6<\/td><td class=\"column-2\">Parafia rzymskokatolicka Bor\u00f3w Wielki (Grossenbohrau)<\/td><td class=\"column-3\">Commissions Acten des Erzpriester  Heinrich zu Grossenbohrau... <\/td><td class=\"column-4\"><\/td><td class=\"column-5\">1842<\/td><td class=\"column-6\">1856<\/td><td class=\"column-7\"><\/td><td class=\"column-8\">poszyt<\/td><td class=\"column-9\"><\/td><td class=\"column-10\">brak pag.<\/td><td class=\"column-11\">niem<\/td><td class=\"column-12\"><\/td><td class=\"column-13\">Akta by\u0142y przechowywane w parafii pw. \u015bw. Micha\u0142a w Nowej Soli<\/td>\n<\/tr>\n<tr class=\"row-8 even\">\n\t<td class=\"column-1\">Pbor-kat 7<\/td><td class=\"column-2\">Parafia rzymskokatolicka Bor\u00f3w Wielki (Grossenbohrau)<\/td><td class=\"column-3\">Commissions Acten des Erzpriester  Heinrich zu Grossenbohrau... <\/td><td class=\"column-4\"><\/td><td class=\"column-5\">1849<\/td><td class=\"column-6\">1857<\/td><td class=\"column-7\"><\/td><td class=\"column-8\">poszyt<\/td><td class=\"column-9\"><\/td><td class=\"column-10\">brak pag.<\/td><td class=\"column-11\">niem<\/td><td class=\"column-12\"><\/td><td class=\"column-13\">Akta by\u0142y przechowywane w parafii pw. \u015bw. Micha\u0142a w Nowej Soli<\/td>\n<\/tr>\n<tr class=\"row-9 odd\">\n\t<td class=\"column-1\">Pbor-kat 8<\/td><td class=\"column-2\">Parafia rzymskokatolicka Bor\u00f3w Wielki (Grossenbohrau)<\/td><td class=\"column-3\">[Dokumenty z tuby znalezionej w kuli wie\u017cy ko\u015bcio\u0142a parafialnego p.w. \u015bw. Wawrzy\u0144ca<\/td><td class=\"column-4\"><\/td><td class=\"column-5\">1891<\/td><td class=\"column-6\">1892<\/td><td class=\"column-7\"><\/td><td class=\"column-8\">akta lu\u017ane<\/td><td class=\"column-9\"><\/td><td class=\"column-10\"><\/td><td class=\"column-11\">niem<\/td><td class=\"column-12\"><\/td><td class=\"column-13\">AP Bor\u00f3w Wielki<\/td>\n<\/tr>\n<tr class=\"row-10 even\">\n\t<td class=\"column-1\">Pbor-kat 9<\/td><td class=\"column-2\">Parafia rzymskokatolicka Bor\u00f3w Wielki (Grossenbohrau)<\/td><td class=\"column-3\">Og\u0142oszenia parafialne<\/td><td class=\"column-4\"><\/td><td class=\"column-5\">1864<\/td><td class=\"column-6\">1905<\/td><td class=\"column-7\"><\/td><td class=\"column-8\">ksi\u0119ga<\/td><td class=\"column-9\">brak pag. <\/td><td class=\"column-10\">180x210<\/td><td class=\"column-11\">niem<\/td><td class=\"column-12\"><\/td><td class=\"column-13\">AZGWSD Parady\u017c<\/td>\n<\/tr>\n<tr class=\"row-11 odd\">\n\t<td class=\"column-1\">Pbor-kat 10<\/td><td class=\"column-2\">Parafia rzymskokatolicka Bor\u00f3w Wielki (Grossenbohrau)<\/td><td class=\"column-3\">Fundations Rechnung<\/td><td class=\"column-4\"><\/td><td class=\"column-5\">1861<\/td><td class=\"column-6\">1870<\/td><td class=\"column-7\"><\/td><td class=\"column-8\">ksi\u0119ga w z\u0142ym stanie zachowania<\/td><td class=\"column-9\">brak pag. <\/td><td class=\"column-10\">240x370<\/td><td class=\"column-11\">niem<\/td><td class=\"column-12\"><\/td><td class=\"column-13\">AZGWSD Parady\u017c<\/td>\n<\/tr>\n<tr class=\"row-12 even\">\n\t<td class=\"column-1\">Pbor-kat 11<\/td><td class=\"column-2\">Parafia rzymskokatolicka Bor\u00f3w Wielki (Grossenbohrau)<\/td><td class=\"column-3\">Ksi\u0119ga rachunkowa<\/td><td class=\"column-4\"><\/td><td class=\"column-5\">1850<\/td><td class=\"column-6\">1875<\/td><td class=\"column-7\"><\/td><td class=\"column-8\">ksi\u0119ga<\/td><td class=\"column-9\">brak pag. <\/td><td class=\"column-10\">240x370<\/td><td class=\"column-11\">niem<\/td><td class=\"column-12\"><\/td><td class=\"column-13\">AZGWSD Parady\u017c<\/td>\n<\/tr>\n<\/tbody>\n<\/table>\n<!-- #tablepress-27 from cache -->\n","protected":false},"excerpt":{"rendered":"","protected":false},"author":1,"featured_media":0,"parent":46,"menu_order":0,"comment_status":"closed","ping_status":"closed","template":"","meta":{"ngg_post_thumbnail":0},"_links":{"self":[{"href":"https:\/\/archiwum.diecezjazg.pl\/index.php\/wp-json\/wp\/v2\/pages\/1440"}],"collection":[{"href":"https:\/\/archiwum.diecezjazg.pl\/index.php\/wp-json\/wp\/v2\/pages"}],"about":[{"href":"https:\/\/archiwum.diecezjazg.pl\/index.php\/wp-json\/wp\/v2\/types\/page"}],"author":[{"embeddable":true,"href":"https:\/\/archiwum.diecezjazg.pl\/index.php\/wp-json\/wp\/v2\/users\/1"}],"replies":[{"embeddable":true,"href":"https:\/\/archiwum.diecezjazg.pl\/index.php\/wp-json\/wp\/v2\/comments?post=1440"}],"version-history":[{"count":1,"href":"https:\/\/archiwum.diecezjazg.pl\/index.php\/wp-json\/wp\/v2\/pages\/1440\/revisions"}],"predecessor-version":[{"id":1441,"href":"https:\/\/archiwum.diecezjazg.pl\/index.php\/wp-json\/wp\/v2\/pages\/1440\/revisions\/1441"}],"up":[{"embeddable":true,"href":"https:\/\/archiwum.diecezjazg.pl\/index.php\/wp-json\/wp\/v2\/pages\/46"}],"wp:attachment":[{"href":"https:\/\/archiwum.diecezjazg.pl\/index.php\/wp-json\/wp\/v2\/media?parent=1440"}],"curies":[{"name":"wp","href":"https:\/\/api.w.org\/{rel}","templated":true}]}}